{"id":7923,"date":"2023-12-07T14:05:40","date_gmt":"2023-12-07T13:05:40","guid":{"rendered":"https:\/\/radio-aviva.com\/nimes\/?post_type=podcast&#038;p=7923"},"modified":"2023-12-07T14:05:40","modified_gmt":"2023-12-07T13:05:40","slug":"semaine-gardoise-des-droits-de-lenfant-maryse-giannaccini-vice-presidente-deleguee-a-la-protection-de-lenfance-au-conseil-departemental-du-gard","status":"publish","type":"podcast","link":"https:\/\/radio-aviva.com\/nimes\/podcast\/semaine-gardoise-des-droits-de-lenfant-maryse-giannaccini-vice-presidente-deleguee-a-la-protection-de-lenfance-au-conseil-departemental-du-gard\/","title":{"rendered":"SEMAINE GARDOISE DES DROITS DE L&rsquo;ENFANT &#8211; MARYSE GIANNACCINI, VICE-PRESIDENTE DELEGUEE A LA PROTECTION DE L&rsquo;ENFANCE AU CONSEIL DEPARTEMENTAL DU GARD"},"content":{"rendered":"<p>Maryse Giannaccini, vice-pr\u00e9sidente au Conseil D\u00e9partemental du Gard, d\u00e9l\u00e9gu\u00e9e \u00e0 la protection de l&rsquo;enfance, pr\u00e9sente, au micro de Radio Aviva, la semaine gardoise des droits de l&rsquo;enfant qui a eu lieu du 15 au 25 novembre mais \u00e9galement les nombreuses actions que le d\u00e9partement met en place pour prot\u00e9ger et accompagner les enfants.<\/p>\n","protected":false},"author":336,"featured_media":0,"template":"","tags":[],"podcastfilter":[309,386,165,183,30,5,336],"class_list":["post-7923","podcast","type-podcast","status-publish","hentry","podcastfilter-conseil-departemental-du-gard","podcastfilter-droit-des-enfants","podcastfilter-education","podcastfilter-gard","podcastfilter-linvite-de-la-redaction","podcastfilter-nimes","podcastfilter-sensibilisation"],"_links":{"self":[{"href":"https:\/\/radio-aviva.com\/nimes\/wp-json\/wp\/v2\/podcast\/7923","targetHints":{"allow":["GET"]}}],"collection":[{"href":"https:\/\/radio-aviva.com\/nimes\/wp-json\/wp\/v2\/podcast"}],"about":[{"href":"https:\/\/radio-aviva.com\/nimes\/wp-json\/wp\/v2\/types\/podcast"}],"author":[{"embeddable":true,"href":"https:\/\/radio-aviva.com\/nimes\/wp-json\/wp\/v2\/users\/336"}],"version-history":[{"count":0,"href":"https:\/\/radio-aviva.com\/nimes\/wp-json\/wp\/v2\/podcast\/7923\/revisions"}],"wp:attachment":[{"href":"https:\/\/radio-aviva.com\/nimes\/wp-json\/wp\/v2\/media?parent=7923"}],"wp:term":[{"taxonomy":"post_tag","embeddable":true,"href":"https:\/\/radio-aviva.com\/nimes\/wp-json\/wp\/v2\/tags?post=7923"},{"taxonomy":"podcastfilter","embeddable":true,"href":"https:\/\/radio-aviva.com\/nimes\/wp-json\/wp\/v2\/podcastfilter?post=7923"}],"curies":[{"name":"wp","href":"https:\/\/api.w.org\/{rel}","templated":true}]}}

<p>Maryse Giannaccini, vice-présidente au Conseil Départemental du Gard, déléguée à la protection de l&rsquo;enfance, présente, au micro de Radio Aviva, la semaine gardoise des droits de l&rsquo;enfant qui a eu lieu du 15 au 25 novembre mais également les nombreuses actions que le département met en place pour protéger et accompagner les enfants.</p>
