{"id":7954,"date":"2023-12-08T13:10:22","date_gmt":"2023-12-08T12:10:22","guid":{"rendered":"https:\/\/radio-aviva.com\/nimes\/?post_type=podcast&#038;p=7954"},"modified":"2024-05-20T14:16:49","modified_gmt":"2024-05-20T12:16:49","slug":"paul-ferte-porte-parole-confederation-paysanne","status":"publish","type":"podcast","link":"https:\/\/radio-aviva.com\/nimes\/podcast\/paul-ferte-porte-parole-confederation-paysanne\/","title":{"rendered":"PAUL FERTE, PORTE PAROLE &#8211; CONFEDERATION PAYSANNE"},"content":{"rendered":"<p>Paul Fert\u00e9, porte parole de la Conf\u00e9d\u00e9ration paysanne, pr\u00e9sente, au micro de Radio Aviva, les actions de cette conf\u00e9d\u00e9ration ainsi que les portes ouvertes des fermes gardoises qu&rsquo;il mette en place afin de faire d\u00e9couvrir le monde rural. Chaque ann\u00e9e, durant le salon de l&rsquo;agriculture, il organise \u00ab\u00a0Le Salon \u00e0 la ferme\u00a0\u00bb, \u00e9v\u00e9nement entre d\u00e9couverte, culture et enjeux \u00e9cologiques.<\/p>\n<p>&nbsp;<\/p>\n","protected":false},"author":336,"featured_media":0,"template":"","tags":[],"podcastfilter":[396,278,14,397,20,300,183,30],"class_list":["post-7954","podcast","type-podcast","status-publish","hentry","podcastfilter-agriculture","podcastfilter-avenir","podcastfilter-ecologie","podcastfilter-enjeux-ecologiques","podcastfilter-environnement","podcastfilter-evenement","podcastfilter-gard","podcastfilter-linvite-de-la-redaction"],"_links":{"self":[{"href":"https:\/\/radio-aviva.com\/nimes\/wp-json\/wp\/v2\/podcast\/7954","targetHints":{"allow":["GET"]}}],"collection":[{"href":"https:\/\/radio-aviva.com\/nimes\/wp-json\/wp\/v2\/podcast"}],"about":[{"href":"https:\/\/radio-aviva.com\/nimes\/wp-json\/wp\/v2\/types\/podcast"}],"author":[{"embeddable":true,"href":"https:\/\/radio-aviva.com\/nimes\/wp-json\/wp\/v2\/users\/336"}],"version-history":[{"count":1,"href":"https:\/\/radio-aviva.com\/nimes\/wp-json\/wp\/v2\/podcast\/7954\/revisions"}],"predecessor-version":[{"id":8689,"href":"https:\/\/radio-aviva.com\/nimes\/wp-json\/wp\/v2\/podcast\/7954\/revisions\/8689"}],"wp:attachment":[{"href":"https:\/\/radio-aviva.com\/nimes\/wp-json\/wp\/v2\/media?parent=7954"}],"wp:term":[{"taxonomy":"post_tag","embeddable":true,"href":"https:\/\/radio-aviva.com\/nimes\/wp-json\/wp\/v2\/tags?post=7954"},{"taxonomy":"podcastfilter","embeddable":true,"href":"https:\/\/radio-aviva.com\/nimes\/wp-json\/wp\/v2\/podcastfilter?post=7954"}],"curies":[{"name":"wp","href":"https:\/\/api.w.org\/{rel}","templated":true}]}}

<p>Paul Ferté, porte parole de la Confédération paysanne, présente, au micro de Radio Aviva, les actions de cette confédération ainsi que les portes ouvertes des fermes gardoises qu&rsquo;il mette en place afin de faire découvrir le monde rural. Chaque année, durant le salon de l&rsquo;agriculture, il organise « Le Salon à la ferme », événement entre découverte, culture et enjeux écologiques.</p>
<p>&nbsp;</p>
