{"id":7969,"date":"2023-12-08T14:34:47","date_gmt":"2023-12-08T13:34:47","guid":{"rendered":"https:\/\/radio-aviva.com\/nimes\/?post_type=podcast&#038;p=7969"},"modified":"2024-05-20T14:11:54","modified_gmt":"2024-05-20T12:11:54","slug":"christelle-melen-chargee-des-publics-au-cacn-exposition-carnavalart-et-escape-game","status":"publish","type":"podcast","link":"https:\/\/radio-aviva.com\/nimes\/podcast\/christelle-melen-chargee-des-publics-au-cacn-exposition-carnavalart-et-escape-game\/","title":{"rendered":"CHRISTELLE MELEN, CHARGEE DES PUBLICS AU CACN &#8211; EXPOSITION, CARNAVAL&rsquo;ART ET ESCAPE GAME"},"content":{"rendered":"<p>Christelle Melen, charg\u00e9e des publics au CACN, pr\u00e9sente, au micro de Radio Aviva, le Centre d&rsquo;Art Contemporain de N\u00eemes ainsi que l&rsquo;exposition \u00ab\u00a0Tu verras, c&rsquo;est tr\u00e8s beau\u00a0\u00bb et le Carnaval&rsquo;art.<\/p>\n","protected":false},"author":336,"featured_media":6599,"template":"","tags":[],"podcastfilter":[8,401,175,402,337,28,300,22,183,275,234,5,286,195],"class_list":["post-7969","podcast","type-podcast","status-publish","has-post-thumbnail","hentry","podcastfilter-art","podcastfilter-art-contemporain","podcastfilter-artiste","podcastfilter-cacn","podcastfilter-carnaval","podcastfilter-culture","podcastfilter-evenement","podcastfilter-exposition","podcastfilter-gard","podcastfilter-invite-de-la-matinale","podcastfilter-jeune-public","podcastfilter-nimes","podcastfilter-peintre","podcastfilter-visite-guidee"],"_links":{"self":[{"href":"https:\/\/radio-aviva.com\/nimes\/wp-json\/wp\/v2\/podcast\/7969","targetHints":{"allow":["GET"]}}],"collection":[{"href":"https:\/\/radio-aviva.com\/nimes\/wp-json\/wp\/v2\/podcast"}],"about":[{"href":"https:\/\/radio-aviva.com\/nimes\/wp-json\/wp\/v2\/types\/podcast"}],"author":[{"embeddable":true,"href":"https:\/\/radio-aviva.com\/nimes\/wp-json\/wp\/v2\/users\/336"}],"version-history":[{"count":1,"href":"https:\/\/radio-aviva.com\/nimes\/wp-json\/wp\/v2\/podcast\/7969\/revisions"}],"predecessor-version":[{"id":8686,"href":"https:\/\/radio-aviva.com\/nimes\/wp-json\/wp\/v2\/podcast\/7969\/revisions\/8686"}],"wp:featuredmedia":[{"embeddable":true,"href":"https:\/\/radio-aviva.com\/nimes\/wp-json\/wp\/v2\/media\/6599"}],"wp:attachment":[{"href":"https:\/\/radio-aviva.com\/nimes\/wp-json\/wp\/v2\/media?parent=7969"}],"wp:term":[{"taxonomy":"post_tag","embeddable":true,"href":"https:\/\/radio-aviva.com\/nimes\/wp-json\/wp\/v2\/tags?post=7969"},{"taxonomy":"podcastfilter","embeddable":true,"href":"https:\/\/radio-aviva.com\/nimes\/wp-json\/wp\/v2\/podcastfilter?post=7969"}],"curies":[{"name":"wp","href":"https:\/\/api.w.org\/{rel}","templated":true}]}}

<p>Christelle Melen, chargée des publics au CACN, présente, au micro de Radio Aviva, le Centre d&rsquo;Art Contemporain de Nîmes ainsi que l&rsquo;exposition « Tu verras, c&rsquo;est très beau » et le Carnaval&rsquo;art.</p>
