{"id":7972,"date":"2023-12-08T14:45:37","date_gmt":"2023-12-08T13:45:37","guid":{"rendered":"https:\/\/radio-aviva.com\/nimes\/?post_type=podcast&#038;p=7972"},"modified":"2024-05-22T11:56:14","modified_gmt":"2024-05-22T09:56:14","slug":"sylvie-fayard-gerante-librairie-leau-vive-a-nimes-presentation-et-atelier-creatif","status":"publish","type":"podcast","link":"https:\/\/radio-aviva.com\/nimes\/podcast\/sylvie-fayard-gerante-librairie-leau-vive-a-nimes-presentation-et-atelier-creatif\/","title":{"rendered":"SYLVIE FAYARD, GERANTE LIBRAIRIE L&rsquo;EAU VIVE A NIMES &#8211; PRESENTATION ET ATELIER CREATIF"},"content":{"rendered":"<p>Sylvie Fayard, g\u00e9rante de la librairie L&rsquo;Eau Vive \u00e0 N\u00eemes, pr\u00e9sente, au micro de Radio Aviva, sa librairie \u00e0 destination du jeune public qui propose des livres de la naissance \u00e0 l&rsquo;adolescence mais \u00e9galement des jeux de qualit\u00e9 et des loisirs cr\u00e9atifs. Elle propose \u00e9galement de nombreux ateliers tout au long de l&rsquo;ann\u00e9e.<\/p>\n","protected":false},"author":336,"featured_media":6599,"template":"","tags":[],"podcastfilter":[238,28,183,275,234,256,144,209,5],"class_list":["post-7972","podcast","type-podcast","status-publish","has-post-thumbnail","hentry","podcastfilter-ateliers","podcastfilter-culture","podcastfilter-gard","podcastfilter-invite-de-la-matinale","podcastfilter-jeune-public","podcastfilter-lecture","podcastfilter-litterature","podcastfilter-livre","podcastfilter-nimes"],"_links":{"self":[{"href":"https:\/\/radio-aviva.com\/nimes\/wp-json\/wp\/v2\/podcast\/7972","targetHints":{"allow":["GET"]}}],"collection":[{"href":"https:\/\/radio-aviva.com\/nimes\/wp-json\/wp\/v2\/podcast"}],"about":[{"href":"https:\/\/radio-aviva.com\/nimes\/wp-json\/wp\/v2\/types\/podcast"}],"author":[{"embeddable":true,"href":"https:\/\/radio-aviva.com\/nimes\/wp-json\/wp\/v2\/users\/336"}],"version-history":[{"count":1,"href":"https:\/\/radio-aviva.com\/nimes\/wp-json\/wp\/v2\/podcast\/7972\/revisions"}],"predecessor-version":[{"id":8720,"href":"https:\/\/radio-aviva.com\/nimes\/wp-json\/wp\/v2\/podcast\/7972\/revisions\/8720"}],"wp:featuredmedia":[{"embeddable":true,"href":"https:\/\/radio-aviva.com\/nimes\/wp-json\/wp\/v2\/media\/6599"}],"wp:attachment":[{"href":"https:\/\/radio-aviva.com\/nimes\/wp-json\/wp\/v2\/media?parent=7972"}],"wp:term":[{"taxonomy":"post_tag","embeddable":true,"href":"https:\/\/radio-aviva.com\/nimes\/wp-json\/wp\/v2\/tags?post=7972"},{"taxonomy":"podcastfilter","embeddable":true,"href":"https:\/\/radio-aviva.com\/nimes\/wp-json\/wp\/v2\/podcastfilter?post=7972"}],"curies":[{"name":"wp","href":"https:\/\/api.w.org\/{rel}","templated":true}]}}

<p>Sylvie Fayard, gérante de la librairie L&rsquo;Eau Vive à Nîmes, présente, au micro de Radio Aviva, sa librairie à destination du jeune public qui propose des livres de la naissance à l&rsquo;adolescence mais également des jeux de qualité et des loisirs créatifs. Elle propose également de nombreux ateliers tout au long de l&rsquo;année.</p>
