{"id":7990,"date":"2023-12-08T17:56:18","date_gmt":"2023-12-08T16:56:18","guid":{"rendered":"https:\/\/radio-aviva.com\/nimes\/?post_type=podcast&#038;p=7990"},"modified":"2024-05-20T12:08:03","modified_gmt":"2024-05-20T10:08:03","slug":"isabelle-cases-directrice-artistique-26e-edition-festival-ecrans-britanniques","status":"publish","type":"podcast","link":"https:\/\/radio-aviva.com\/nimes\/podcast\/isabelle-cases-directrice-artistique-26e-edition-festival-ecrans-britanniques\/","title":{"rendered":"ISABELLE CASES, DIRECTRICE ARTISTIQUE &#8211; 26E EDITION FESTIVAL ECRANS BRITANNIQUES"},"content":{"rendered":"<p>Isabelle Cases, directrice artistique, pr\u00e9sente, au micro de Radio Aviva, la 26\u00e8me \u00e9dition du festival Ecrans britanniques.<\/p>\n","protected":false},"author":336,"featured_media":6599,"template":"","tags":[],"podcastfilter":[235,8,175,9,409,244,173,183,275,144,209,5,228],"class_list":["post-7990","podcast","type-podcast","status-publish","has-post-thumbnail","hentry","podcastfilter-7eme-art","podcastfilter-art","podcastfilter-artiste","podcastfilter-cinema","podcastfilter-ecrans-britanniques","podcastfilter-ecrivain","podcastfilter-festival","podcastfilter-gard","podcastfilter-invite-de-la-matinale","podcastfilter-litterature","podcastfilter-livre","podcastfilter-nimes","podcastfilter-semaphore"],"_links":{"self":[{"href":"https:\/\/radio-aviva.com\/nimes\/wp-json\/wp\/v2\/podcast\/7990","targetHints":{"allow":["GET"]}}],"collection":[{"href":"https:\/\/radio-aviva.com\/nimes\/wp-json\/wp\/v2\/podcast"}],"about":[{"href":"https:\/\/radio-aviva.com\/nimes\/wp-json\/wp\/v2\/types\/podcast"}],"author":[{"embeddable":true,"href":"https:\/\/radio-aviva.com\/nimes\/wp-json\/wp\/v2\/users\/336"}],"version-history":[{"count":1,"href":"https:\/\/radio-aviva.com\/nimes\/wp-json\/wp\/v2\/podcast\/7990\/revisions"}],"predecessor-version":[{"id":8678,"href":"https:\/\/radio-aviva.com\/nimes\/wp-json\/wp\/v2\/podcast\/7990\/revisions\/8678"}],"wp:featuredmedia":[{"embeddable":true,"href":"https:\/\/radio-aviva.com\/nimes\/wp-json\/wp\/v2\/media\/6599"}],"wp:attachment":[{"href":"https:\/\/radio-aviva.com\/nimes\/wp-json\/wp\/v2\/media?parent=7990"}],"wp:term":[{"taxonomy":"post_tag","embeddable":true,"href":"https:\/\/radio-aviva.com\/nimes\/wp-json\/wp\/v2\/tags?post=7990"},{"taxonomy":"podcastfilter","embeddable":true,"href":"https:\/\/radio-aviva.com\/nimes\/wp-json\/wp\/v2\/podcastfilter?post=7990"}],"curies":[{"name":"wp","href":"https:\/\/api.w.org\/{rel}","templated":true}]}}

<p>Isabelle Cases, directrice artistique, présente, au micro de Radio Aviva, la 26ème édition du festival Ecrans britanniques.</p>
