{"id":7992,"date":"2023-12-08T18:03:48","date_gmt":"2023-12-08T17:03:48","guid":{"rendered":"https:\/\/radio-aviva.com\/nimes\/?post_type=podcast&#038;p=7992"},"modified":"2024-05-22T11:01:11","modified_gmt":"2024-05-22T09:01:11","slug":"jean-francois-homo-metteur-en-scene-compagnie-beau-parleur-conference-theatralisee-pourquoi-ont-ils-fusille-gaston-cremieux","status":"publish","type":"podcast","link":"https:\/\/radio-aviva.com\/nimes\/podcast\/jean-francois-homo-metteur-en-scene-compagnie-beau-parleur-conference-theatralisee-pourquoi-ont-ils-fusille-gaston-cremieux\/","title":{"rendered":"JEAN FRANCOIS HOMO, METTEUR EN SCENE COMPAGNIE BEAU PARLEUR &#8211; CONFERENCE THEATRALISEE POURQUOI ONT ILS FUSILLE GASTON CREMIEUX"},"content":{"rendered":"<p>Jean-Fran\u00e7ois Homo, metteur en sc\u00e8ne de la compagnie Beau parleur, pr\u00e9sente, au micro de Radio Aviva, sa compagnie ainsi que la conf\u00e9rence th\u00e9\u00e2tralis\u00e9e \u00ab\u00a0Pourquoi ont-ils fusill\u00e9 Gaston Cr\u00e9mieux?\u00a0\u00bb<\/p>\n","protected":false},"author":336,"featured_media":6599,"template":"","tags":[],"podcastfilter":[8,175,410,153,411,28,300,183,275,5,191,25],"class_list":["post-7992","podcast","type-podcast","status-publish","has-post-thumbnail","hentry","podcastfilter-art","podcastfilter-artiste","podcastfilter-compagnie-theatrale","podcastfilter-conference","podcastfilter-conference-theatralisee","podcastfilter-culture","podcastfilter-evenement","podcastfilter-gard","podcastfilter-invite-de-la-matinale","podcastfilter-nimes","podcastfilter-spectacle","podcastfilter-theatre"],"_links":{"self":[{"href":"https:\/\/radio-aviva.com\/nimes\/wp-json\/wp\/v2\/podcast\/7992","targetHints":{"allow":["GET"]}}],"collection":[{"href":"https:\/\/radio-aviva.com\/nimes\/wp-json\/wp\/v2\/podcast"}],"about":[{"href":"https:\/\/radio-aviva.com\/nimes\/wp-json\/wp\/v2\/types\/podcast"}],"author":[{"embeddable":true,"href":"https:\/\/radio-aviva.com\/nimes\/wp-json\/wp\/v2\/users\/336"}],"version-history":[{"count":1,"href":"https:\/\/radio-aviva.com\/nimes\/wp-json\/wp\/v2\/podcast\/7992\/revisions"}],"predecessor-version":[{"id":8709,"href":"https:\/\/radio-aviva.com\/nimes\/wp-json\/wp\/v2\/podcast\/7992\/revisions\/8709"}],"wp:featuredmedia":[{"embeddable":true,"href":"https:\/\/radio-aviva.com\/nimes\/wp-json\/wp\/v2\/media\/6599"}],"wp:attachment":[{"href":"https:\/\/radio-aviva.com\/nimes\/wp-json\/wp\/v2\/media?parent=7992"}],"wp:term":[{"taxonomy":"post_tag","embeddable":true,"href":"https:\/\/radio-aviva.com\/nimes\/wp-json\/wp\/v2\/tags?post=7992"},{"taxonomy":"podcastfilter","embeddable":true,"href":"https:\/\/radio-aviva.com\/nimes\/wp-json\/wp\/v2\/podcastfilter?post=7992"}],"curies":[{"name":"wp","href":"https:\/\/api.w.org\/{rel}","templated":true}]}}

<p>Jean-François Homo, metteur en scène de la compagnie Beau parleur, présente, au micro de Radio Aviva, sa compagnie ainsi que la conférence théâtralisée « Pourquoi ont-ils fusillé Gaston Crémieux? »</p>
