{"id":7996,"date":"2023-12-08T18:42:50","date_gmt":"2023-12-08T17:42:50","guid":{"rendered":"https:\/\/radio-aviva.com\/nimes\/?post_type=podcast&#038;p=7996"},"modified":"2024-05-20T12:28:33","modified_gmt":"2024-05-20T10:28:33","slug":"sophie-wildbolz-guide-conferenciere-visites-guidees-de-loffice-de-tourisme-de-nimes","status":"publish","type":"podcast","link":"https:\/\/radio-aviva.com\/nimes\/podcast\/sophie-wildbolz-guide-conferenciere-visites-guidees-de-loffice-de-tourisme-de-nimes\/","title":{"rendered":"SOPHIE WILDBOLZ, GUIDE CONFERENCIERE &#8211; VISITES GUIDEES DE L\u2019OFFICE DE TOURISME DE N\u00ceMES"},"content":{"rendered":"<p>Sophie Wildbolz, guide conf\u00e9renci\u00e8re \u00e0 l&rsquo;Office de tourisme de N\u00eemes, pr\u00e9sente, au micro de Radio Aviva, les nombreuses visites guid\u00e9es propos\u00e9es tout au long de l&rsquo;ann\u00e9e aux locaux comme aux touristes de la cit\u00e9 romaine.<\/p>\n","protected":false},"author":336,"featured_media":6599,"template":"","tags":[],"podcastfilter":[5,412,195],"class_list":["post-7996","podcast","type-podcast","status-publish","has-post-thumbnail","hentry","podcastfilter-nimes","podcastfilter-office-de-tourisme-de-nimes","podcastfilter-visite-guidee"],"_links":{"self":[{"href":"https:\/\/radio-aviva.com\/nimes\/wp-json\/wp\/v2\/podcast\/7996","targetHints":{"allow":["GET"]}}],"collection":[{"href":"https:\/\/radio-aviva.com\/nimes\/wp-json\/wp\/v2\/podcast"}],"about":[{"href":"https:\/\/radio-aviva.com\/nimes\/wp-json\/wp\/v2\/types\/podcast"}],"author":[{"embeddable":true,"href":"https:\/\/radio-aviva.com\/nimes\/wp-json\/wp\/v2\/users\/336"}],"version-history":[{"count":1,"href":"https:\/\/radio-aviva.com\/nimes\/wp-json\/wp\/v2\/podcast\/7996\/revisions"}],"predecessor-version":[{"id":8685,"href":"https:\/\/radio-aviva.com\/nimes\/wp-json\/wp\/v2\/podcast\/7996\/revisions\/8685"}],"wp:featuredmedia":[{"embeddable":true,"href":"https:\/\/radio-aviva.com\/nimes\/wp-json\/wp\/v2\/media\/6599"}],"wp:attachment":[{"href":"https:\/\/radio-aviva.com\/nimes\/wp-json\/wp\/v2\/media?parent=7996"}],"wp:term":[{"taxonomy":"post_tag","embeddable":true,"href":"https:\/\/radio-aviva.com\/nimes\/wp-json\/wp\/v2\/tags?post=7996"},{"taxonomy":"podcastfilter","embeddable":true,"href":"https:\/\/radio-aviva.com\/nimes\/wp-json\/wp\/v2\/podcastfilter?post=7996"}],"curies":[{"name":"wp","href":"https:\/\/api.w.org\/{rel}","templated":true}]}}

SOPHIE WILDBOLZ, GUIDE CONFERENCIERE &#8211; VISITES GUIDEES DE L’OFFICE DE TOURISME DE NÎMES

<p>Sophie Wildbolz, guide conférencière à l&rsquo;Office de tourisme de Nîmes, présente, au micro de Radio Aviva, les nombreuses visites guidées proposées tout au long de l&rsquo;année aux locaux comme aux touristes de la cité romaine.</p>
