{"id":8003,"date":"2023-12-08T19:07:18","date_gmt":"2023-12-08T18:07:18","guid":{"rendered":"https:\/\/radio-aviva.com\/nimes\/?post_type=podcast&#038;p=8003"},"modified":"2024-05-20T12:12:54","modified_gmt":"2024-05-20T10:12:54","slug":"jerome-liotier-medecin-du-sommeil-et-anesthesiste-5e-congres-anesth-rea-sleep","status":"publish","type":"podcast","link":"https:\/\/radio-aviva.com\/nimes\/podcast\/jerome-liotier-medecin-du-sommeil-et-anesthesiste-5e-congres-anesth-rea-sleep\/","title":{"rendered":"JEROME LIOTIER, MEDECIN DU SOMMEIL ET ANESTHESISTE &#8211; 5E CONGRES ANESTH REA SLEEP"},"content":{"rendered":"<p>J\u00e9r\u00f4me Liotier, m\u00e9decin du sommeil et anesth\u00e9siste, pr\u00e9sente, au micro de Radio Aviva, le 5\u00e8me congr\u00e8s Anesth R\u00e9a Sleep.<\/p>\n","protected":false},"author":336,"featured_media":6599,"template":"","tags":[],"podcastfilter":[379,183,5,374,35,29,413],"class_list":["post-8003","podcast","type-podcast","status-publish","has-post-thumbnail","hentry","podcastfilter-congres","podcastfilter-gard","podcastfilter-nimes","podcastfilter-prevention","podcastfilter-question-de-sante","podcastfilter-sante","podcastfilter-trouble-du-sommeil"],"_links":{"self":[{"href":"https:\/\/radio-aviva.com\/nimes\/wp-json\/wp\/v2\/podcast\/8003","targetHints":{"allow":["GET"]}}],"collection":[{"href":"https:\/\/radio-aviva.com\/nimes\/wp-json\/wp\/v2\/podcast"}],"about":[{"href":"https:\/\/radio-aviva.com\/nimes\/wp-json\/wp\/v2\/types\/podcast"}],"author":[{"embeddable":true,"href":"https:\/\/radio-aviva.com\/nimes\/wp-json\/wp\/v2\/users\/336"}],"version-history":[{"count":1,"href":"https:\/\/radio-aviva.com\/nimes\/wp-json\/wp\/v2\/podcast\/8003\/revisions"}],"predecessor-version":[{"id":8680,"href":"https:\/\/radio-aviva.com\/nimes\/wp-json\/wp\/v2\/podcast\/8003\/revisions\/8680"}],"wp:featuredmedia":[{"embeddable":true,"href":"https:\/\/radio-aviva.com\/nimes\/wp-json\/wp\/v2\/media\/6599"}],"wp:attachment":[{"href":"https:\/\/radio-aviva.com\/nimes\/wp-json\/wp\/v2\/media?parent=8003"}],"wp:term":[{"taxonomy":"post_tag","embeddable":true,"href":"https:\/\/radio-aviva.com\/nimes\/wp-json\/wp\/v2\/tags?post=8003"},{"taxonomy":"podcastfilter","embeddable":true,"href":"https:\/\/radio-aviva.com\/nimes\/wp-json\/wp\/v2\/podcastfilter?post=8003"}],"curies":[{"name":"wp","href":"https:\/\/api.w.org\/{rel}","templated":true}]}}

<p>Jérôme Liotier, médecin du sommeil et anesthésiste, présente, au micro de Radio Aviva, le 5ème congrès Anesth Réa Sleep.</p>
