{"id":8013,"date":"2023-12-11T17:05:43","date_gmt":"2023-12-11T16:05:43","guid":{"rendered":"https:\/\/radio-aviva.com\/nimes\/?post_type=podcast&#038;p=8013"},"modified":"2023-12-11T17:05:43","modified_gmt":"2023-12-11T16:05:43","slug":"walid-mohammedi-asmaa-bouanani-souad-sourire-a-tous-association-apolitique-et-humanitaire","status":"publish","type":"podcast","link":"https:\/\/radio-aviva.com\/nimes\/podcast\/walid-mohammedi-asmaa-bouanani-souad-sourire-a-tous-association-apolitique-et-humanitaire\/","title":{"rendered":"WALID MOHAMMEDI, ASMAA BOUANANI, SOUAD &#8211; SOURIRE A TOUS, ASSOCIATION APOLITIQUE ET HUMANITAIRE"},"content":{"rendered":"<p>Walid Mohammedi, pr\u00e9sident, Asmaa Bouanani, directrice et Souad, cheffe de communication, pr\u00e9sentent, au micro de Patrick Losso pour Radio Aviva, l&rsquo;association apolitique et humanitaire Sourire \u00e0 tous. L&rsquo;association \u0153uvre pour les sans-abris au niveau local (Grenoble, N\u00eemes, Montpellier, Paris) et au niveau international pour la cause de l\u2019\u00e9ducation dans les pays en situation pr\u00e9caire.<\/p>\n","protected":false},"author":336,"featured_media":6891,"template":"","tags":[],"podcastfilter":[150,278,241,343,348,165,345,183,2,331,5,311,6],"class_list":["post-8013","podcast","type-podcast","status-publish","has-post-thumbnail","hentry","podcastfilter-association","podcastfilter-avenir","podcastfilter-benevoles","podcastfilter-collecte","podcastfilter-dons","podcastfilter-education","podcastfilter-entraide","podcastfilter-gard","podcastfilter-la-voix-des-assos","podcastfilter-lien-social","podcastfilter-nimes","podcastfilter-social","podcastfilter-solidarite"],"_links":{"self":[{"href":"https:\/\/radio-aviva.com\/nimes\/wp-json\/wp\/v2\/podcast\/8013","targetHints":{"allow":["GET"]}}],"collection":[{"href":"https:\/\/radio-aviva.com\/nimes\/wp-json\/wp\/v2\/podcast"}],"about":[{"href":"https:\/\/radio-aviva.com\/nimes\/wp-json\/wp\/v2\/types\/podcast"}],"author":[{"embeddable":true,"href":"https:\/\/radio-aviva.com\/nimes\/wp-json\/wp\/v2\/users\/336"}],"version-history":[{"count":0,"href":"https:\/\/radio-aviva.com\/nimes\/wp-json\/wp\/v2\/podcast\/8013\/revisions"}],"wp:featuredmedia":[{"embeddable":true,"href":"https:\/\/radio-aviva.com\/nimes\/wp-json\/wp\/v2\/media\/6891"}],"wp:attachment":[{"href":"https:\/\/radio-aviva.com\/nimes\/wp-json\/wp\/v2\/media?parent=8013"}],"wp:term":[{"taxonomy":"post_tag","embeddable":true,"href":"https:\/\/radio-aviva.com\/nimes\/wp-json\/wp\/v2\/tags?post=8013"},{"taxonomy":"podcastfilter","embeddable":true,"href":"https:\/\/radio-aviva.com\/nimes\/wp-json\/wp\/v2\/podcastfilter?post=8013"}],"curies":[{"name":"wp","href":"https:\/\/api.w.org\/{rel}","templated":true}]}}

<p>Walid Mohammedi, président, Asmaa Bouanani, directrice et Souad, cheffe de communication, présentent, au micro de Patrick Losso pour Radio Aviva, l&rsquo;association apolitique et humanitaire Sourire à tous. L&rsquo;association œuvre pour les sans-abris au niveau local (Grenoble, Nîmes, Montpellier, Paris) et au niveau international pour la cause de l’éducation dans les pays en situation précaire.</p>
