{"id":8015,"date":"2023-12-11T17:14:41","date_gmt":"2023-12-11T16:14:41","guid":{"rendered":"https:\/\/radio-aviva.com\/nimes\/?post_type=podcast&#038;p=8015"},"modified":"2023-12-11T17:14:41","modified_gmt":"2023-12-11T16:14:41","slug":"muriel-burst-chef-de-choeur-concert-madrigal-de-nimes","status":"publish","type":"podcast","link":"https:\/\/radio-aviva.com\/nimes\/podcast\/muriel-burst-chef-de-choeur-concert-madrigal-de-nimes\/","title":{"rendered":"MURIEL BURST, CHEF DE CHOEUR &#8211; CONCERT MADRIGAL DE NIMES"},"content":{"rendered":"<p>Muriel Burst, cheffe de ch\u0153ur, pr\u00e9sente, au micro de Patrick Losso pour Radio Aviva, Le Madrigal de N\u00eemes qu&rsquo;elle a elle-m\u00eame cr\u00e9\u00e9 en 1988.<\/p>\n","protected":false},"author":336,"featured_media":6782,"template":"","tags":[],"podcastfilter":[8,175,150,369,350,11,28,24,183,133,284,5,191],"class_list":["post-8015","podcast","type-podcast","status-publish","has-post-thumbnail","hentry","podcastfilter-art","podcastfilter-artiste","podcastfilter-association","podcastfilter-chant","podcastfilter-choeur-lyrique","podcastfilter-concert","podcastfilter-culture","podcastfilter-culture-et-compagnie","podcastfilter-gard","podcastfilter-musique","podcastfilter-musique-classique","podcastfilter-nimes","podcastfilter-spectacle"],"_links":{"self":[{"href":"https:\/\/radio-aviva.com\/nimes\/wp-json\/wp\/v2\/podcast\/8015","targetHints":{"allow":["GET"]}}],"collection":[{"href":"https:\/\/radio-aviva.com\/nimes\/wp-json\/wp\/v2\/podcast"}],"about":[{"href":"https:\/\/radio-aviva.com\/nimes\/wp-json\/wp\/v2\/types\/podcast"}],"author":[{"embeddable":true,"href":"https:\/\/radio-aviva.com\/nimes\/wp-json\/wp\/v2\/users\/336"}],"version-history":[{"count":0,"href":"https:\/\/radio-aviva.com\/nimes\/wp-json\/wp\/v2\/podcast\/8015\/revisions"}],"wp:featuredmedia":[{"embeddable":true,"href":"https:\/\/radio-aviva.com\/nimes\/wp-json\/wp\/v2\/media\/6782"}],"wp:attachment":[{"href":"https:\/\/radio-aviva.com\/nimes\/wp-json\/wp\/v2\/media?parent=8015"}],"wp:term":[{"taxonomy":"post_tag","embeddable":true,"href":"https:\/\/radio-aviva.com\/nimes\/wp-json\/wp\/v2\/tags?post=8015"},{"taxonomy":"podcastfilter","embeddable":true,"href":"https:\/\/radio-aviva.com\/nimes\/wp-json\/wp\/v2\/podcastfilter?post=8015"}],"curies":[{"name":"wp","href":"https:\/\/api.w.org\/{rel}","templated":true}]}}

<p>Muriel Burst, cheffe de chœur, présente, au micro de Patrick Losso pour Radio Aviva, Le Madrigal de Nîmes qu&rsquo;elle a elle-même créé en 1988.</p>
