{"id":8017,"date":"2023-12-11T17:23:21","date_gmt":"2023-12-11T16:23:21","guid":{"rendered":"https:\/\/radio-aviva.com\/nimes\/?post_type=podcast&#038;p=8017"},"modified":"2023-12-11T17:23:21","modified_gmt":"2023-12-11T16:23:21","slug":"laureline-tellier-chargee-programmation-et-communication-au-spot-a-nimes-presentation-et-appel-a-murs-pour-11e-expo-de-ouf","status":"publish","type":"podcast","link":"https:\/\/radio-aviva.com\/nimes\/podcast\/laureline-tellier-chargee-programmation-et-communication-au-spot-a-nimes-presentation-et-appel-a-murs-pour-11e-expo-de-ouf\/","title":{"rendered":"LAURELINE TELLIER, CHARGEE PROGRAMMATION ET COMMUNICATION AU SPOT A NIMES &#8211; PRESENTATION ET APPEL A MURS POUR 11E EXPO DE OUF"},"content":{"rendered":"<p>Laur\u00e9line Tellier, charg\u00e9e de programmation et de communication au Spot, pr\u00e9sente, au micro de Radio Aviva, ce tiers-lieu culturel embl\u00e9matique du quartier Gambetta \u00e0 N\u00eemes.<\/p>\n","protected":false},"author":336,"featured_media":6599,"template":"","tags":[],"podcastfilter":[21,8,401,175,150,11,28,279,14,300,324,22,183,275,331,133,5,407],"class_list":["post-8017","podcast","type-podcast","status-publish","has-post-thumbnail","hentry","podcastfilter-alternatif","podcastfilter-art","podcastfilter-art-contemporain","podcastfilter-artiste","podcastfilter-association","podcastfilter-concert","podcastfilter-culture","podcastfilter-echanges","podcastfilter-ecologie","podcastfilter-evenement","podcastfilter-expo-de-ouf","podcastfilter-exposition","podcastfilter-gard","podcastfilter-invite-de-la-matinale","podcastfilter-lien-social","podcastfilter-musique","podcastfilter-nimes","podcastfilter-residence-artistique"],"_links":{"self":[{"href":"https:\/\/radio-aviva.com\/nimes\/wp-json\/wp\/v2\/podcast\/8017","targetHints":{"allow":["GET"]}}],"collection":[{"href":"https:\/\/radio-aviva.com\/nimes\/wp-json\/wp\/v2\/podcast"}],"about":[{"href":"https:\/\/radio-aviva.com\/nimes\/wp-json\/wp\/v2\/types\/podcast"}],"author":[{"embeddable":true,"href":"https:\/\/radio-aviva.com\/nimes\/wp-json\/wp\/v2\/users\/336"}],"version-history":[{"count":0,"href":"https:\/\/radio-aviva.com\/nimes\/wp-json\/wp\/v2\/podcast\/8017\/revisions"}],"wp:featuredmedia":[{"embeddable":true,"href":"https:\/\/radio-aviva.com\/nimes\/wp-json\/wp\/v2\/media\/6599"}],"wp:attachment":[{"href":"https:\/\/radio-aviva.com\/nimes\/wp-json\/wp\/v2\/media?parent=8017"}],"wp:term":[{"taxonomy":"post_tag","embeddable":true,"href":"https:\/\/radio-aviva.com\/nimes\/wp-json\/wp\/v2\/tags?post=8017"},{"taxonomy":"podcastfilter","embeddable":true,"href":"https:\/\/radio-aviva.com\/nimes\/wp-json\/wp\/v2\/podcastfilter?post=8017"}],"curies":[{"name":"wp","href":"https:\/\/api.w.org\/{rel}","templated":true}]}}

<p>Lauréline Tellier, chargée de programmation et de communication au Spot, présente, au micro de Radio Aviva, ce tiers-lieu culturel emblématique du quartier Gambetta à Nîmes.</p>
