{"id":8019,"date":"2023-12-11T17:31:17","date_gmt":"2023-12-11T16:31:17","guid":{"rendered":"https:\/\/radio-aviva.com\/nimes\/?post_type=podcast&#038;p=8019"},"modified":"2024-05-20T12:23:30","modified_gmt":"2024-05-20T10:23:30","slug":"pierre-jouvencel-compagnie-elegie-piece-theatre-victor-hugo-un-geant-dans-un-siecle","status":"publish","type":"podcast","link":"https:\/\/radio-aviva.com\/nimes\/podcast\/pierre-jouvencel-compagnie-elegie-piece-theatre-victor-hugo-un-geant-dans-un-siecle\/","title":{"rendered":"PIERRE JOUVENCEL, COMPAGNIE ELEGIE &#8211; PIECE THEATRE, VICTOR HUGO UN GEANT DANS UN SIECLE"},"content":{"rendered":"<p>Pierre Jouvencel, auteur et com\u00e9dien de la compagnie El\u00e9gie, pr\u00e9sente, au micro de Radio Aviva, sa compagnie ainsi que la pi\u00e8ce \u00ab\u00a0Victor Hugo, un g\u00e9ant dans un si\u00e8cle\u00a0\u00bb.<\/p>\n","protected":false},"author":336,"featured_media":6599,"template":"","tags":[],"podcastfilter":[8,175,160,28,183,275,5,399,25],"class_list":["post-8019","podcast","type-podcast","status-publish","has-post-thumbnail","hentry","podcastfilter-art","podcastfilter-artiste","podcastfilter-comedien","podcastfilter-culture","podcastfilter-gard","podcastfilter-invite-de-la-matinale","podcastfilter-nimes","podcastfilter-telemac","podcastfilter-theatre"],"_links":{"self":[{"href":"https:\/\/radio-aviva.com\/nimes\/wp-json\/wp\/v2\/podcast\/8019","targetHints":{"allow":["GET"]}}],"collection":[{"href":"https:\/\/radio-aviva.com\/nimes\/wp-json\/wp\/v2\/podcast"}],"about":[{"href":"https:\/\/radio-aviva.com\/nimes\/wp-json\/wp\/v2\/types\/podcast"}],"author":[{"embeddable":true,"href":"https:\/\/radio-aviva.com\/nimes\/wp-json\/wp\/v2\/users\/336"}],"version-history":[{"count":1,"href":"https:\/\/radio-aviva.com\/nimes\/wp-json\/wp\/v2\/podcast\/8019\/revisions"}],"predecessor-version":[{"id":8683,"href":"https:\/\/radio-aviva.com\/nimes\/wp-json\/wp\/v2\/podcast\/8019\/revisions\/8683"}],"wp:featuredmedia":[{"embeddable":true,"href":"https:\/\/radio-aviva.com\/nimes\/wp-json\/wp\/v2\/media\/6599"}],"wp:attachment":[{"href":"https:\/\/radio-aviva.com\/nimes\/wp-json\/wp\/v2\/media?parent=8019"}],"wp:term":[{"taxonomy":"post_tag","embeddable":true,"href":"https:\/\/radio-aviva.com\/nimes\/wp-json\/wp\/v2\/tags?post=8019"},{"taxonomy":"podcastfilter","embeddable":true,"href":"https:\/\/radio-aviva.com\/nimes\/wp-json\/wp\/v2\/podcastfilter?post=8019"}],"curies":[{"name":"wp","href":"https:\/\/api.w.org\/{rel}","templated":true}]}}

<p>Pierre Jouvencel, auteur et comédien de la compagnie Elégie, présente, au micro de Radio Aviva, sa compagnie ainsi que la pièce « Victor Hugo, un géant dans un siècle ».</p>
