{"id":8176,"date":"2024-01-12T17:04:20","date_gmt":"2024-01-12T16:04:20","guid":{"rendered":"https:\/\/radio-aviva.com\/nimes\/?post_type=podcast&#038;p=8176"},"modified":"2024-01-12T17:04:20","modified_gmt":"2024-01-12T16:04:20","slug":"libre-echange-laurent-burgoa-senateur-du-gard","status":"publish","type":"podcast","link":"https:\/\/radio-aviva.com\/nimes\/podcast\/libre-echange-laurent-burgoa-senateur-du-gard\/","title":{"rendered":"LIBRE ECHANGE &#8211; LAURENT BURGOA, SENATEUR DU GARD"},"content":{"rendered":"<p>Dans cet \u00e9pisode du Libre Echange, Olivier Biscaye, directeur de la R\u00e9daction du Midi Libre, re\u00e7oit Laurent Burgoa, s\u00e9nateur du Gard.<\/p>\n","protected":false},"author":336,"featured_media":8177,"template":"","tags":[],"podcastfilter":[156],"class_list":["post-8176","podcast","type-podcast","status-publish","has-post-thumbnail","hentry","podcastfilter-libre-echange"],"_links":{"self":[{"href":"https:\/\/radio-aviva.com\/nimes\/wp-json\/wp\/v2\/podcast\/8176","targetHints":{"allow":["GET"]}}],"collection":[{"href":"https:\/\/radio-aviva.com\/nimes\/wp-json\/wp\/v2\/podcast"}],"about":[{"href":"https:\/\/radio-aviva.com\/nimes\/wp-json\/wp\/v2\/types\/podcast"}],"author":[{"embeddable":true,"href":"https:\/\/radio-aviva.com\/nimes\/wp-json\/wp\/v2\/users\/336"}],"version-history":[{"count":0,"href":"https:\/\/radio-aviva.com\/nimes\/wp-json\/wp\/v2\/podcast\/8176\/revisions"}],"wp:featuredmedia":[{"embeddable":true,"href":"https:\/\/radio-aviva.com\/nimes\/wp-json\/wp\/v2\/media\/8177"}],"wp:attachment":[{"href":"https:\/\/radio-aviva.com\/nimes\/wp-json\/wp\/v2\/media?parent=8176"}],"wp:term":[{"taxonomy":"post_tag","embeddable":true,"href":"https:\/\/radio-aviva.com\/nimes\/wp-json\/wp\/v2\/tags?post=8176"},{"taxonomy":"podcastfilter","embeddable":true,"href":"https:\/\/radio-aviva.com\/nimes\/wp-json\/wp\/v2\/podcastfilter?post=8176"}],"curies":[{"name":"wp","href":"https:\/\/api.w.org\/{rel}","templated":true}]}}

<p>Dans cet épisode du Libre Echange, Olivier Biscaye, directeur de la Rédaction du Midi Libre, reçoit Laurent Burgoa, sénateur du Gard.</p>
