{"id":8225,"date":"2024-01-24T12:28:49","date_gmt":"2024-01-24T11:28:49","guid":{"rendered":"https:\/\/radio-aviva.com\/nimes\/?post_type=podcast&#038;p=8225"},"modified":"2024-01-24T12:29:13","modified_gmt":"2024-01-24T11:29:13","slug":"course-pedestre-22eme-edition-du-duo-des-cabanes-dor-philippe-jeanjean-president-du-club-de-cap-melgueil","status":"publish","type":"podcast","link":"https:\/\/radio-aviva.com\/nimes\/podcast\/course-pedestre-22eme-edition-du-duo-des-cabanes-dor-philippe-jeanjean-president-du-club-de-cap-melgueil\/","title":{"rendered":"COURSE PEDESTRE 22EME EDITION DU DUO DES CABANES D&rsquo;OR &#8211; PHILIPPE JEANJEAN, PRESIDENT DU CLUB DE CAP MELGUEIL"},"content":{"rendered":"<p>&nbsp;<\/p>\n<p>Ce jeudi 25 janvier, l&rsquo;invit\u00e9 sportif est <strong>Philippe JEANJEAN <\/strong>pr\u00e9sident du club du cap Melgueil. Vient nous parler de la 22\u00e8me \u00e9dition de la course p\u00e9destre du duo des cabanes d&rsquo;or, se d\u00e9roulant le dimanche 11 f\u00e9vrier.<\/p>\n<p>Pour plus d&rsquo;informations sur cet \u00e9v\u00e9nement : https:\/\/www.capmelgueil.fr\/<\/p>\n","protected":false},"author":1,"featured_media":0,"template":"","tags":[],"podcastfilter":[174,132,5,145,19],"class_list":["post-8225","podcast","type-podcast","status-publish","hentry","podcastfilter-linvite-sportif","podcastfilter-montpellier","podcastfilter-nimes","podcastfilter-perpignan","podcastfilter-sport"],"_links":{"self":[{"href":"https:\/\/radio-aviva.com\/nimes\/wp-json\/wp\/v2\/podcast\/8225","targetHints":{"allow":["GET"]}}],"collection":[{"href":"https:\/\/radio-aviva.com\/nimes\/wp-json\/wp\/v2\/podcast"}],"about":[{"href":"https:\/\/radio-aviva.com\/nimes\/wp-json\/wp\/v2\/types\/podcast"}],"author":[{"embeddable":true,"href":"https:\/\/radio-aviva.com\/nimes\/wp-json\/wp\/v2\/users\/1"}],"version-history":[{"count":0,"href":"https:\/\/radio-aviva.com\/nimes\/wp-json\/wp\/v2\/podcast\/8225\/revisions"}],"wp:attachment":[{"href":"https:\/\/radio-aviva.com\/nimes\/wp-json\/wp\/v2\/media?parent=8225"}],"wp:term":[{"taxonomy":"post_tag","embeddable":true,"href":"https:\/\/radio-aviva.com\/nimes\/wp-json\/wp\/v2\/tags?post=8225"},{"taxonomy":"podcastfilter","embeddable":true,"href":"https:\/\/radio-aviva.com\/nimes\/wp-json\/wp\/v2\/podcastfilter?post=8225"}],"curies":[{"name":"wp","href":"https:\/\/api.w.org\/{rel}","templated":true}]}}

<p>&nbsp;</p>
<p>Ce jeudi 25 janvier, l&rsquo;invité sportif est <strong>Philippe JEANJEAN </strong>président du club du cap Melgueil. Vient nous parler de la 22ème édition de la course pédestre du duo des cabanes d&rsquo;or, se déroulant le dimanche 11 février.</p>
<p>Pour plus d&rsquo;informations sur cet événement : https://www.capmelgueil.fr/</p>
