{"id":8232,"date":"2024-01-25T14:37:46","date_gmt":"2024-01-25T13:37:46","guid":{"rendered":"https:\/\/radio-aviva.com\/nimes\/?post_type=podcast&#038;p=8232"},"modified":"2024-01-25T14:37:46","modified_gmt":"2024-01-25T13:37:46","slug":"foire-expo-de-nimes-pascal-settipani-organisateur","status":"publish","type":"podcast","link":"https:\/\/radio-aviva.com\/nimes\/podcast\/foire-expo-de-nimes-pascal-settipani-organisateur\/","title":{"rendered":"FOIRE EXPO DE N\u00ceMES &#8211; PASCAL SETTIPANI, ORGANISATEUR"},"content":{"rendered":"<p>Pascal Settipani, organisateur de la Foire expo de N\u00eemes, pr\u00e9sente, au micro de Radio Aviva, cet \u00e9v\u00e9nement qui se tiendra du 23 au 26 f\u00e9vrier 2024.<\/p>\n","protected":false},"author":336,"featured_media":0,"template":"","tags":[],"podcastfilter":[148,5],"class_list":["post-8232","podcast","type-podcast","status-publish","hentry","podcastfilter-foire","podcastfilter-nimes"],"_links":{"self":[{"href":"https:\/\/radio-aviva.com\/nimes\/wp-json\/wp\/v2\/podcast\/8232","targetHints":{"allow":["GET"]}}],"collection":[{"href":"https:\/\/radio-aviva.com\/nimes\/wp-json\/wp\/v2\/podcast"}],"about":[{"href":"https:\/\/radio-aviva.com\/nimes\/wp-json\/wp\/v2\/types\/podcast"}],"author":[{"embeddable":true,"href":"https:\/\/radio-aviva.com\/nimes\/wp-json\/wp\/v2\/users\/336"}],"version-history":[{"count":0,"href":"https:\/\/radio-aviva.com\/nimes\/wp-json\/wp\/v2\/podcast\/8232\/revisions"}],"wp:attachment":[{"href":"https:\/\/radio-aviva.com\/nimes\/wp-json\/wp\/v2\/media?parent=8232"}],"wp:term":[{"taxonomy":"post_tag","embeddable":true,"href":"https:\/\/radio-aviva.com\/nimes\/wp-json\/wp\/v2\/tags?post=8232"},{"taxonomy":"podcastfilter","embeddable":true,"href":"https:\/\/radio-aviva.com\/nimes\/wp-json\/wp\/v2\/podcastfilter?post=8232"}],"curies":[{"name":"wp","href":"https:\/\/api.w.org\/{rel}","templated":true}]}}

FOIRE EXPO DE NÎMES &#8211; PASCAL SETTIPANI, ORGANISATEUR

<p>Pascal Settipani, organisateur de la Foire expo de Nîmes, présente, au micro de Radio Aviva, cet événement qui se tiendra du 23 au 26 février 2024.</p>
