{"id":8244,"date":"2024-01-25T15:28:53","date_gmt":"2024-01-25T14:28:53","guid":{"rendered":"https:\/\/radio-aviva.com\/nimes\/podcast\/expedition-choc-en-antarctique-sauver-de-justesse-du-naufrage-romain-drim-realisateur-explorateur\/"},"modified":"2024-01-25T15:28:53","modified_gmt":"2024-01-25T14:28:53","slug":"expedition-choc-en-antarctique-sauver-de-justesse-du-naufrage-romain-drim-realisateur-explorateur","status":"publish","type":"podcast","link":"https:\/\/radio-aviva.com\/nimes\/podcast\/expedition-choc-en-antarctique-sauver-de-justesse-du-naufrage-romain-drim-realisateur-explorateur\/","title":{"rendered":"EXPEDITION CHOC EN ANTARCTIQUE : SAUVER DE JUSTESSE DU NAUFRAGE &#8211; ROMAIN DRIM, REALISATEUR EXPLORATEUR"},"content":{"rendered":"<p>Dans cette \u00e9mission , nous partons \u00e0 la rencontre de Romain DRIM.<\/p>\n<p>Un exp\u00e9diteur en qu\u00eate de sensations fortes.<\/p>\n<p>En effet, l\u2019aventurier est aussi r\u00e9alisateur, photographe et conf\u00e9rencier sp\u00e9cialis\u00e9.<\/p>\n<p>L\u2019ann\u00e9e derni\u00e8re, il a effectu\u00e9 une exp\u00e9dition en voilier en Antarctique depuis Amsterdam.<\/p>\n<p>Par la suite, il en a r\u00e9alis\u00e9 un film documentaire.<\/p>\n<p>Un livre est m\u00eame en cours d&rsquo;\u00e9criture.<\/p>\n<p>Pour l&rsquo;occasion, Romain-Assi\u00e9-Rio revient sur cet odyss\u00e9e hors du commun.<\/p>\n<p>&nbsp;<\/p>\n<p>Lien de la page Instagram de Romain Drim : <a href=\"https:\/\/www.instagram.com\/romain_drim\/\">https:\/\/www.instagram.com\/romain_drim\/<\/a><\/p>\n<p>&nbsp;<\/p>\n<p><strong>Animateur : Benjamin De Oliveira<\/strong><\/p>\n<p><strong>Montage : Ben Tio<\/strong><\/p>\n<p>&nbsp;<\/p>\n","protected":false},"author":338,"featured_media":0,"template":"","tags":[],"podcastfilter":[],"class_list":["post-8244","podcast","type-podcast","status-publish","hentry"],"_links":{"self":[{"href":"https:\/\/radio-aviva.com\/nimes\/wp-json\/wp\/v2\/podcast\/8244","targetHints":{"allow":["GET"]}}],"collection":[{"href":"https:\/\/radio-aviva.com\/nimes\/wp-json\/wp\/v2\/podcast"}],"about":[{"href":"https:\/\/radio-aviva.com\/nimes\/wp-json\/wp\/v2\/types\/podcast"}],"author":[{"embeddable":true,"href":"https:\/\/radio-aviva.com\/nimes\/wp-json\/wp\/v2\/users\/338"}],"version-history":[{"count":0,"href":"https:\/\/radio-aviva.com\/nimes\/wp-json\/wp\/v2\/podcast\/8244\/revisions"}],"wp:attachment":[{"href":"https:\/\/radio-aviva.com\/nimes\/wp-json\/wp\/v2\/media?parent=8244"}],"wp:term":[{"taxonomy":"post_tag","embeddable":true,"href":"https:\/\/radio-aviva.com\/nimes\/wp-json\/wp\/v2\/tags?post=8244"},{"taxonomy":"podcastfilter","embeddable":true,"href":"https:\/\/radio-aviva.com\/nimes\/wp-json\/wp\/v2\/podcastfilter?post=8244"}],"curies":[{"name":"wp","href":"https:\/\/api.w.org\/{rel}","templated":true}]}}

<p>Dans cette émission , nous partons à la rencontre de Romain DRIM.</p>
<p>Un expéditeur en quête de sensations fortes.</p>
<p>En effet, l’aventurier est aussi réalisateur, photographe et conférencier spécialisé.</p>
<p>L’année dernière, il a effectué une expédition en voilier en Antarctique depuis Amsterdam.</p>
<p>Par la suite, il en a réalisé un film documentaire.</p>
<p>Un livre est même en cours d&rsquo;écriture.</p>
<p>Pour l&rsquo;occasion, Romain-Assié-Rio revient sur cet odyssée hors du commun.</p>
<p>&nbsp;</p>
<p>Lien de la page Instagram de Romain Drim : <a href="https://www.instagram.com/romain_drim/">https://www.instagram.com/romain_drim/</a></p>
<p>&nbsp;</p>
<p><strong>Animateur : Benjamin De Oliveira</strong></p>
<p><strong>Montage : Ben Tio</strong></p>
<p>&nbsp;</p>
