{"id":8255,"date":"2024-01-30T18:10:07","date_gmt":"2024-01-30T17:10:07","guid":{"rendered":"https:\/\/radio-aviva.com\/nimes\/?post_type=podcast&#038;p=8255"},"modified":"2024-01-30T18:10:07","modified_gmt":"2024-01-30T17:10:07","slug":"ia-et-europe-martin-ulbrich-policy-officer-eu-commission","status":"publish","type":"podcast","link":"https:\/\/radio-aviva.com\/nimes\/podcast\/ia-et-europe-martin-ulbrich-policy-officer-eu-commission\/","title":{"rendered":"IA ET EUROPE &#8211; MARTIN ULBRICH, POLICY OFFICER EU COMMISSION"},"content":{"rendered":"<p>Les diff\u00e9rentes institutions de l\u2019Union Europ\u00e9enne sont r\u00e9cemment parvenus a un accord pour \u00e9tablir un cadre juridique autour de l\u2019Intelligence Artificielle. Pour d\u00e9crypter ce texte, nous recevons Martin Ulbrich, policy officer \u00e0 la commission europ\u00e9enne.<\/p>\n","protected":false},"author":336,"featured_media":0,"template":"","tags":[],"podcastfilter":[423],"class_list":["post-8255","podcast","type-podcast","status-publish","hentry","podcastfilter-intelligence-artificielle"],"_links":{"self":[{"href":"https:\/\/radio-aviva.com\/nimes\/wp-json\/wp\/v2\/podcast\/8255","targetHints":{"allow":["GET"]}}],"collection":[{"href":"https:\/\/radio-aviva.com\/nimes\/wp-json\/wp\/v2\/podcast"}],"about":[{"href":"https:\/\/radio-aviva.com\/nimes\/wp-json\/wp\/v2\/types\/podcast"}],"author":[{"embeddable":true,"href":"https:\/\/radio-aviva.com\/nimes\/wp-json\/wp\/v2\/users\/336"}],"version-history":[{"count":0,"href":"https:\/\/radio-aviva.com\/nimes\/wp-json\/wp\/v2\/podcast\/8255\/revisions"}],"wp:attachment":[{"href":"https:\/\/radio-aviva.com\/nimes\/wp-json\/wp\/v2\/media?parent=8255"}],"wp:term":[{"taxonomy":"post_tag","embeddable":true,"href":"https:\/\/radio-aviva.com\/nimes\/wp-json\/wp\/v2\/tags?post=8255"},{"taxonomy":"podcastfilter","embeddable":true,"href":"https:\/\/radio-aviva.com\/nimes\/wp-json\/wp\/v2\/podcastfilter?post=8255"}],"curies":[{"name":"wp","href":"https:\/\/api.w.org\/{rel}","templated":true}]}}

<p>Les différentes institutions de l’Union Européenne sont récemment parvenus a un accord pour établir un cadre juridique autour de l’Intelligence Artificielle. Pour décrypter ce texte, nous recevons Martin Ulbrich, policy officer à la commission européenne.</p>
