{"id":8261,"date":"2024-02-01T15:30:35","date_gmt":"2024-02-01T14:30:35","guid":{"rendered":"https:\/\/radio-aviva.com\/nimes\/?post_type=podcast&#038;p=8261"},"modified":"2024-02-02T16:11:27","modified_gmt":"2024-02-02T15:11:27","slug":"22eme-festival-de-la-biographie-boris-cyrulnik-neuropsychiatre","status":"publish","type":"podcast","link":"https:\/\/radio-aviva.com\/nimes\/podcast\/22eme-festival-de-la-biographie-boris-cyrulnik-neuropsychiatre\/","title":{"rendered":"22\u00e8me FESTIVAL DE LA BIOGRAPHIE &#8211; BORIS CYRULNIK, NEUROPSYCHIATRE"},"content":{"rendered":"<p>Le neuropsychiatre et \u00e9crivain Boris Cyrulnik donnait une conf\u00e9rence \u00e0 l\u2019Universit\u00e9 de N\u00eemes dans le cadre du salon de la biographie. Juste avant son intervention, il a bien voulu r\u00e9pondre \u00e0 nos questions.<\/p>\n","protected":false},"author":336,"featured_media":8262,"template":"","tags":[],"podcastfilter":[432,5],"class_list":["post-8261","podcast","type-podcast","status-publish","has-post-thumbnail","hentry","podcastfilter-festival-de-la-biographie","podcastfilter-nimes"],"_links":{"self":[{"href":"https:\/\/radio-aviva.com\/nimes\/wp-json\/wp\/v2\/podcast\/8261","targetHints":{"allow":["GET"]}}],"collection":[{"href":"https:\/\/radio-aviva.com\/nimes\/wp-json\/wp\/v2\/podcast"}],"about":[{"href":"https:\/\/radio-aviva.com\/nimes\/wp-json\/wp\/v2\/types\/podcast"}],"author":[{"embeddable":true,"href":"https:\/\/radio-aviva.com\/nimes\/wp-json\/wp\/v2\/users\/336"}],"version-history":[{"count":0,"href":"https:\/\/radio-aviva.com\/nimes\/wp-json\/wp\/v2\/podcast\/8261\/revisions"}],"wp:featuredmedia":[{"embeddable":true,"href":"https:\/\/radio-aviva.com\/nimes\/wp-json\/wp\/v2\/media\/8262"}],"wp:attachment":[{"href":"https:\/\/radio-aviva.com\/nimes\/wp-json\/wp\/v2\/media?parent=8261"}],"wp:term":[{"taxonomy":"post_tag","embeddable":true,"href":"https:\/\/radio-aviva.com\/nimes\/wp-json\/wp\/v2\/tags?post=8261"},{"taxonomy":"podcastfilter","embeddable":true,"href":"https:\/\/radio-aviva.com\/nimes\/wp-json\/wp\/v2\/podcastfilter?post=8261"}],"curies":[{"name":"wp","href":"https:\/\/api.w.org\/{rel}","templated":true}]}}

22ème FESTIVAL DE LA BIOGRAPHIE &#8211; BORIS CYRULNIK, NEUROPSYCHIATRE

<p>Le neuropsychiatre et écrivain Boris Cyrulnik donnait une conférence à l’Université de Nîmes dans le cadre du salon de la biographie. Juste avant son intervention, il a bien voulu répondre à nos questions.</p>
