{"id":8264,"date":"2024-02-01T16:18:09","date_gmt":"2024-02-01T15:18:09","guid":{"rendered":"https:\/\/radio-aviva.com\/nimes\/?post_type=podcast&#038;p=8264"},"modified":"2024-02-01T16:18:09","modified_gmt":"2024-02-01T15:18:09","slug":"biographie-de-spinoza-festival-de-la-biographie-jr-dos-santos-ecrivain","status":"publish","type":"podcast","link":"https:\/\/radio-aviva.com\/nimes\/podcast\/biographie-de-spinoza-festival-de-la-biographie-jr-dos-santos-ecrivain\/","title":{"rendered":"BIOGRAPHIE DE SPINOZA, FESTIVAL DE LA BIOGRAPHIE &#8211; JR DOS SANTOS, ECRIVAIN"},"content":{"rendered":"<p>JR Dos Santos, c\u00e9l\u00e8bre \u00e9crivain portugais \u00e9tait pr\u00e9sent au 22\u00e8me Festival de la biographie de N\u00eemes pour d\u00e9dicacer son nouvel ouvrage d\u00e9di\u00e9 \u00e0 Spinoza. Il a bien voulu r\u00e9pondre aux questions de Radio Aviva.<\/p>\n","protected":false},"author":336,"featured_media":0,"template":"","tags":[],"podcastfilter":[432,5],"class_list":["post-8264","podcast","type-podcast","status-publish","hentry","podcastfilter-festival-de-la-biographie","podcastfilter-nimes"],"_links":{"self":[{"href":"https:\/\/radio-aviva.com\/nimes\/wp-json\/wp\/v2\/podcast\/8264","targetHints":{"allow":["GET"]}}],"collection":[{"href":"https:\/\/radio-aviva.com\/nimes\/wp-json\/wp\/v2\/podcast"}],"about":[{"href":"https:\/\/radio-aviva.com\/nimes\/wp-json\/wp\/v2\/types\/podcast"}],"author":[{"embeddable":true,"href":"https:\/\/radio-aviva.com\/nimes\/wp-json\/wp\/v2\/users\/336"}],"version-history":[{"count":0,"href":"https:\/\/radio-aviva.com\/nimes\/wp-json\/wp\/v2\/podcast\/8264\/revisions"}],"wp:attachment":[{"href":"https:\/\/radio-aviva.com\/nimes\/wp-json\/wp\/v2\/media?parent=8264"}],"wp:term":[{"taxonomy":"post_tag","embeddable":true,"href":"https:\/\/radio-aviva.com\/nimes\/wp-json\/wp\/v2\/tags?post=8264"},{"taxonomy":"podcastfilter","embeddable":true,"href":"https:\/\/radio-aviva.com\/nimes\/wp-json\/wp\/v2\/podcastfilter?post=8264"}],"curies":[{"name":"wp","href":"https:\/\/api.w.org\/{rel}","templated":true}]}}

<p>JR Dos Santos, célèbre écrivain portugais était présent au 22ème Festival de la biographie de Nîmes pour dédicacer son nouvel ouvrage dédié à Spinoza. Il a bien voulu répondre aux questions de Radio Aviva.</p>
