{"id":8280,"date":"2024-02-07T12:09:51","date_gmt":"2024-02-07T11:09:51","guid":{"rendered":"https:\/\/radio-aviva.com\/nimes\/?post_type=podcast&#038;p=8280"},"modified":"2024-02-07T12:12:08","modified_gmt":"2024-02-07T11:12:08","slug":"bilan-des-16eme-et-tirage-des-8eme-de-finale-de-la-coupe-gambardella-alexandre-arragon-entraineur-du-club-de-football-de-montferrier","status":"publish","type":"podcast","link":"https:\/\/radio-aviva.com\/nimes\/podcast\/bilan-des-16eme-et-tirage-des-8eme-de-finale-de-la-coupe-gambardella-alexandre-arragon-entraineur-du-club-de-football-de-montferrier\/","title":{"rendered":"BILAN DES 16EME ET TIRAGE DES 8EME DE FINALE DE LA COUPE GAMBARDELLA &#8211; ALEXANDRE ARRAGON, ENTRAINEUR DU CLUB DE FOOTBALL DE MONTFERRIER"},"content":{"rendered":"<p>&nbsp;<\/p>\n<p>Ce jeudi 08 f\u00e9vrier, l&rsquo;invit\u00e9 sportif est <strong>Alexandre ARRAGON, <\/strong>entra\u00eeneur du club de football de Montferrier. Vient nous parler du bilan sur l&rsquo;\u00e9quipe espoir du club ainsi que le tirage des 8\u00e8me de finale, pour la coupe Gambardella qui se d\u00e9roule le jeudi 8 f\u00e9vrier \u00e0 19h..<\/p>\n<p>Pour plus d&rsquo;informations sur cet \u00e9v\u00e9nement : https:\/\/www.ouest-france.fr\/sport\/football\/coupe-gambardella\/coupe-gambardella-quand-aura-lieu-le-tirage-au-sort-des-8es-de-finale-f5aaf248-c357-11ee-af40-0572f37cda9b<\/p>\n","protected":false},"author":1,"featured_media":0,"template":"","tags":[],"podcastfilter":[174,132,5,145,19],"class_list":["post-8280","podcast","type-podcast","status-publish","hentry","podcastfilter-linvite-sportif","podcastfilter-montpellier","podcastfilter-nimes","podcastfilter-perpignan","podcastfilter-sport"],"_links":{"self":[{"href":"https:\/\/radio-aviva.com\/nimes\/wp-json\/wp\/v2\/podcast\/8280","targetHints":{"allow":["GET"]}}],"collection":[{"href":"https:\/\/radio-aviva.com\/nimes\/wp-json\/wp\/v2\/podcast"}],"about":[{"href":"https:\/\/radio-aviva.com\/nimes\/wp-json\/wp\/v2\/types\/podcast"}],"author":[{"embeddable":true,"href":"https:\/\/radio-aviva.com\/nimes\/wp-json\/wp\/v2\/users\/1"}],"version-history":[{"count":0,"href":"https:\/\/radio-aviva.com\/nimes\/wp-json\/wp\/v2\/podcast\/8280\/revisions"}],"wp:attachment":[{"href":"https:\/\/radio-aviva.com\/nimes\/wp-json\/wp\/v2\/media?parent=8280"}],"wp:term":[{"taxonomy":"post_tag","embeddable":true,"href":"https:\/\/radio-aviva.com\/nimes\/wp-json\/wp\/v2\/tags?post=8280"},{"taxonomy":"podcastfilter","embeddable":true,"href":"https:\/\/radio-aviva.com\/nimes\/wp-json\/wp\/v2\/podcastfilter?post=8280"}],"curies":[{"name":"wp","href":"https:\/\/api.w.org\/{rel}","templated":true}]}}

<p>&nbsp;</p>
<p>Ce jeudi 08 février, l&rsquo;invité sportif est <strong>Alexandre ARRAGON, </strong>entraîneur du club de football de Montferrier. Vient nous parler du bilan sur l&rsquo;équipe espoir du club ainsi que le tirage des 8ème de finale, pour la coupe Gambardella qui se déroule le jeudi 8 février à 19h..</p>
<p>Pour plus d&rsquo;informations sur cet événement : https://www.ouest-france.fr/sport/football/coupe-gambardella/coupe-gambardella-quand-aura-lieu-le-tirage-au-sort-des-8es-de-finale-f5aaf248-c357-11ee-af40-0572f37cda9b</p>
