{"id":8289,"date":"2024-02-07T17:53:37","date_gmt":"2024-02-07T16:53:37","guid":{"rendered":"https:\/\/radio-aviva.com\/nimes\/?post_type=podcast&#038;p=8289"},"modified":"2024-02-07T17:53:37","modified_gmt":"2024-02-07T16:53:37","slug":"journee-internationale-des-cancers-de-lenfant-ricardo-domingues-directeur-ligue-contre-le-cancer-comite-du-gard","status":"publish","type":"podcast","link":"https:\/\/radio-aviva.com\/nimes\/podcast\/journee-internationale-des-cancers-de-lenfant-ricardo-domingues-directeur-ligue-contre-le-cancer-comite-du-gard\/","title":{"rendered":"JOURNEE INTERNATIONALE DES CANCERS DE L&rsquo;ENFANT &#8211; RICARDO DOMINGUES, DIRECTEUR LIGUE CONTRE LE CANCER COMITE DU GARD"},"content":{"rendered":"<p>Le directeur de la Ligue contre le cancer du Gard, Ricardo Domingues, pr\u00e9sente, au micro de Radio Aviva, la Journ\u00e9e internationale des cancers de l&rsquo;enfant qui a lieu le 15 f\u00e9vrier ainsi que les enjeux des cancers p\u00e9diatriques : la situation en France, leur prise en charge m\u00e9dicale, les bons comportements \u00e0 adopter\u2026<\/p>\n","protected":false},"author":336,"featured_media":0,"template":"","tags":[],"podcastfilter":[325],"class_list":["post-8289","podcast","type-podcast","status-publish","hentry","podcastfilter-ligue-contre-le-cancer-gard"],"_links":{"self":[{"href":"https:\/\/radio-aviva.com\/nimes\/wp-json\/wp\/v2\/podcast\/8289","targetHints":{"allow":["GET"]}}],"collection":[{"href":"https:\/\/radio-aviva.com\/nimes\/wp-json\/wp\/v2\/podcast"}],"about":[{"href":"https:\/\/radio-aviva.com\/nimes\/wp-json\/wp\/v2\/types\/podcast"}],"author":[{"embeddable":true,"href":"https:\/\/radio-aviva.com\/nimes\/wp-json\/wp\/v2\/users\/336"}],"version-history":[{"count":0,"href":"https:\/\/radio-aviva.com\/nimes\/wp-json\/wp\/v2\/podcast\/8289\/revisions"}],"wp:attachment":[{"href":"https:\/\/radio-aviva.com\/nimes\/wp-json\/wp\/v2\/media?parent=8289"}],"wp:term":[{"taxonomy":"post_tag","embeddable":true,"href":"https:\/\/radio-aviva.com\/nimes\/wp-json\/wp\/v2\/tags?post=8289"},{"taxonomy":"podcastfilter","embeddable":true,"href":"https:\/\/radio-aviva.com\/nimes\/wp-json\/wp\/v2\/podcastfilter?post=8289"}],"curies":[{"name":"wp","href":"https:\/\/api.w.org\/{rel}","templated":true}]}}

<p>Le directeur de la Ligue contre le cancer du Gard, Ricardo Domingues, présente, au micro de Radio Aviva, la Journée internationale des cancers de l&rsquo;enfant qui a lieu le 15 février ainsi que les enjeux des cancers pédiatriques : la situation en France, leur prise en charge médicale, les bons comportements à adopter…</p>
