{"id":8392,"date":"2024-03-07T13:47:42","date_gmt":"2024-03-07T12:47:42","guid":{"rendered":"https:\/\/radio-aviva.com\/nimes\/?post_type=podcast&#038;p=8392"},"modified":"2024-03-07T13:47:42","modified_gmt":"2024-03-07T12:47:42","slug":"festival-des-ecrans-britanniques-bernard-raynaud-president","status":"publish","type":"podcast","link":"https:\/\/radio-aviva.com\/nimes\/podcast\/festival-des-ecrans-britanniques-bernard-raynaud-president\/","title":{"rendered":"FESTIVAL DES ECRANS BRITANNIQUES &#8211; BERNARD RAYNAUD, PRESIDENT"},"content":{"rendered":"<p>La 27\u00e8me \u00e9dition du Festival des Ecrans Britanniques de N\u00eemes se d\u00e9roulera du 8 au 17 mars 2024. Le pr\u00e9sident de l\u2019association, Bernard Raynaud, nous pr\u00e9sente le programme de cette ann\u00e9e.<\/p>\n","protected":false},"author":336,"featured_media":6782,"template":"","tags":[],"podcastfilter":[9,173],"class_list":["post-8392","podcast","type-podcast","status-publish","has-post-thumbnail","hentry","podcastfilter-cinema","podcastfilter-festival"],"_links":{"self":[{"href":"https:\/\/radio-aviva.com\/nimes\/wp-json\/wp\/v2\/podcast\/8392","targetHints":{"allow":["GET"]}}],"collection":[{"href":"https:\/\/radio-aviva.com\/nimes\/wp-json\/wp\/v2\/podcast"}],"about":[{"href":"https:\/\/radio-aviva.com\/nimes\/wp-json\/wp\/v2\/types\/podcast"}],"author":[{"embeddable":true,"href":"https:\/\/radio-aviva.com\/nimes\/wp-json\/wp\/v2\/users\/336"}],"version-history":[{"count":0,"href":"https:\/\/radio-aviva.com\/nimes\/wp-json\/wp\/v2\/podcast\/8392\/revisions"}],"wp:featuredmedia":[{"embeddable":true,"href":"https:\/\/radio-aviva.com\/nimes\/wp-json\/wp\/v2\/media\/6782"}],"wp:attachment":[{"href":"https:\/\/radio-aviva.com\/nimes\/wp-json\/wp\/v2\/media?parent=8392"}],"wp:term":[{"taxonomy":"post_tag","embeddable":true,"href":"https:\/\/radio-aviva.com\/nimes\/wp-json\/wp\/v2\/tags?post=8392"},{"taxonomy":"podcastfilter","embeddable":true,"href":"https:\/\/radio-aviva.com\/nimes\/wp-json\/wp\/v2\/podcastfilter?post=8392"}],"curies":[{"name":"wp","href":"https:\/\/api.w.org\/{rel}","templated":true}]}}

<p>La 27ème édition du Festival des Ecrans Britanniques de Nîmes se déroulera du 8 au 17 mars 2024. Le président de l’association, Bernard Raynaud, nous présente le programme de cette année.</p>
