{"id":8427,"date":"2024-03-14T17:06:59","date_gmt":"2024-03-14T16:06:59","guid":{"rendered":"https:\/\/radio-aviva.com\/nimes\/?post_type=podcast&#038;p=8427"},"modified":"2024-03-14T17:06:59","modified_gmt":"2024-03-14T16:06:59","slug":"journee-0-discri-nourdine-faoumila-volontaire-service-civique-croix-rouge","status":"publish","type":"podcast","link":"https:\/\/radio-aviva.com\/nimes\/podcast\/journee-0-discri-nourdine-faoumila-volontaire-service-civique-croix-rouge\/","title":{"rendered":"JOURNEE 0 DISCRI &#8211; NOURDINE FAOUMILA, VOLONTAIRE SERVICE CIVIQUE CROIX ROUGE"},"content":{"rendered":"<p>La Mission Locale Jeune de N\u00eemes, en partenariat avec la Croix-Rouge, a organis\u00e9 une journ\u00e9e 0 discrimination (avec une exposition r\u00e9alis\u00e9e par les jeunes et des activit\u00e9s de sensibilisation), \u00e0 l\u2019occasion de la journ\u00e9e internationale de lutte contre les discriminations.<\/p>\n","protected":false},"author":336,"featured_media":0,"template":"","tags":[],"podcastfilter":[150,346,3,447],"class_list":["post-8427","podcast","type-podcast","status-publish","hentry","podcastfilter-association","podcastfilter-croix-rouge","podcastfilter-lutte-contre-les-discriminations","podcastfilter-mission-locale-jeune"],"_links":{"self":[{"href":"https:\/\/radio-aviva.com\/nimes\/wp-json\/wp\/v2\/podcast\/8427","targetHints":{"allow":["GET"]}}],"collection":[{"href":"https:\/\/radio-aviva.com\/nimes\/wp-json\/wp\/v2\/podcast"}],"about":[{"href":"https:\/\/radio-aviva.com\/nimes\/wp-json\/wp\/v2\/types\/podcast"}],"author":[{"embeddable":true,"href":"https:\/\/radio-aviva.com\/nimes\/wp-json\/wp\/v2\/users\/336"}],"version-history":[{"count":0,"href":"https:\/\/radio-aviva.com\/nimes\/wp-json\/wp\/v2\/podcast\/8427\/revisions"}],"wp:attachment":[{"href":"https:\/\/radio-aviva.com\/nimes\/wp-json\/wp\/v2\/media?parent=8427"}],"wp:term":[{"taxonomy":"post_tag","embeddable":true,"href":"https:\/\/radio-aviva.com\/nimes\/wp-json\/wp\/v2\/tags?post=8427"},{"taxonomy":"podcastfilter","embeddable":true,"href":"https:\/\/radio-aviva.com\/nimes\/wp-json\/wp\/v2\/podcastfilter?post=8427"}],"curies":[{"name":"wp","href":"https:\/\/api.w.org\/{rel}","templated":true}]}}

<p>La Mission Locale Jeune de Nîmes, en partenariat avec la Croix-Rouge, a organisé une journée 0 discrimination (avec une exposition réalisée par les jeunes et des activités de sensibilisation), à l’occasion de la journée internationale de lutte contre les discriminations.</p>
