{"id":8459,"date":"2024-03-20T16:06:36","date_gmt":"2024-03-20T15:06:36","guid":{"rendered":"https:\/\/radio-aviva.com\/nimes\/podcast\/campus-avec-liliane-dray-le-label-egalite-filles-garcons\/"},"modified":"2024-03-20T16:07:07","modified_gmt":"2024-03-20T15:07:07","slug":"campus-avec-liliane-dray-le-label-egalite-filles-garcons","status":"publish","type":"podcast","link":"https:\/\/radio-aviva.com\/nimes\/podcast\/campus-avec-liliane-dray-le-label-egalite-filles-garcons\/","title":{"rendered":"CAMPUS &#8211; AVEC LILIANE DRAY &#8211; LE LABEL EGALITE FILLES-GARCONS"},"content":{"rendered":"<p>Une belle nouvelle, de nombreux \u00e9tablissements de notre acad\u00e9mie ont re\u00e7u le label \u00ab \u00c9galit\u00e9 filles-gar\u00e7ons \u00bb<\/p>\n<p>\uf0b7 Cherchons \u00e0 mieux conna\u00eetre ce label<\/p>\n<p>\uf0b7 Quels sont les leviers qui existent pour agir en faveur de l\u2019\u00e9galit\u00e9 filles-gar\u00e7ons<\/p>\n<p>\uf0b7 Combien de niveaux de d\u00e9clinaison du label \u00ab \u00e9galit\u00e9 filles-gar\u00e7ons \u00bb\u00a0existe-t-il ?<\/p>\n<p>\uf0b7 Si ce sujet vous int\u00e9resse, le site de l\u2019acad\u00e9mie <a href=\"http:\/\/www.ac-montpellier.fr\/\" target=\"_blank\" rel=\"noopener noreferrer\">www.ac-montpellier.fr<\/a><\/p>\n","protected":false},"author":1,"featured_media":0,"template":"","tags":[],"podcastfilter":[220,164,165,132,5,145],"class_list":["post-8459","podcast","type-podcast","status-publish","hentry","podcastfilter-academie","podcastfilter-campus","podcastfilter-education","podcastfilter-montpellier","podcastfilter-nimes","podcastfilter-perpignan"],"_links":{"self":[{"href":"https:\/\/radio-aviva.com\/nimes\/wp-json\/wp\/v2\/podcast\/8459","targetHints":{"allow":["GET"]}}],"collection":[{"href":"https:\/\/radio-aviva.com\/nimes\/wp-json\/wp\/v2\/podcast"}],"about":[{"href":"https:\/\/radio-aviva.com\/nimes\/wp-json\/wp\/v2\/types\/podcast"}],"author":[{"embeddable":true,"href":"https:\/\/radio-aviva.com\/nimes\/wp-json\/wp\/v2\/users\/1"}],"version-history":[{"count":0,"href":"https:\/\/radio-aviva.com\/nimes\/wp-json\/wp\/v2\/podcast\/8459\/revisions"}],"wp:attachment":[{"href":"https:\/\/radio-aviva.com\/nimes\/wp-json\/wp\/v2\/media?parent=8459"}],"wp:term":[{"taxonomy":"post_tag","embeddable":true,"href":"https:\/\/radio-aviva.com\/nimes\/wp-json\/wp\/v2\/tags?post=8459"},{"taxonomy":"podcastfilter","embeddable":true,"href":"https:\/\/radio-aviva.com\/nimes\/wp-json\/wp\/v2\/podcastfilter?post=8459"}],"curies":[{"name":"wp","href":"https:\/\/api.w.org\/{rel}","templated":true}]}}

<p>Une belle nouvelle, de nombreux établissements de notre académie ont reçu le label « Égalité filles-garçons »</p>
<p> Cherchons à mieux connaître ce label</p>
<p> Quels sont les leviers qui existent pour agir en faveur de l’égalité filles-garçons</p>
<p> Combien de niveaux de déclinaison du label « égalité filles-garçons » existe-t-il ?</p>
<p> Si ce sujet vous intéresse, le site de l’académie <a href="http://www.ac-montpellier.fr/" target="_blank" rel="noopener noreferrer">www.ac-montpellier.fr</a></p>
