{"id":8473,"date":"2024-03-28T12:52:19","date_gmt":"2024-03-28T11:52:19","guid":{"rendered":"https:\/\/radio-aviva.com\/nimes\/?post_type=podcast&#038;p=8473"},"modified":"2024-03-28T12:53:17","modified_gmt":"2024-03-28T11:53:17","slug":"habitat-inclusif-nimes-chantal-barbusse-adjointe-deleguee-a-laction-sociale-et-evan-hamaide-designer-social-ccas-nimes","status":"publish","type":"podcast","link":"https:\/\/radio-aviva.com\/nimes\/podcast\/habitat-inclusif-nimes-chantal-barbusse-adjointe-deleguee-a-laction-sociale-et-evan-hamaide-designer-social-ccas-nimes\/","title":{"rendered":"HABITAT INCLUSIF NIMES &#8211; CHANTAL BARBUSSE, ADJOINTE DELEGUEE A L&rsquo;ACTION SOCIALE ET EVAN HAMAIDE, DESIGNER SOCIAL CCAS N\u00ceMES"},"content":{"rendered":"<p>Une nouvelle fa\u00e7on de vivre ensemble \u00e9merge \u00e0 N\u00eemes : l\u2019habitat inclusif. Chantal Barbusse, vice-pr\u00e9sidente du CCAS et Evan Hamaide, designer social au CCAS, pr\u00e9sente le projet au micro de Radio Aviva N\u00eemes.<\/p>\n","protected":false},"author":336,"featured_media":8474,"template":"","tags":[],"podcastfilter":[454,5,311,6],"class_list":["post-8473","podcast","type-podcast","status-publish","has-post-thumbnail","hentry","podcastfilter-habitat-inclusif","podcastfilter-nimes","podcastfilter-social","podcastfilter-solidarite"],"_links":{"self":[{"href":"https:\/\/radio-aviva.com\/nimes\/wp-json\/wp\/v2\/podcast\/8473","targetHints":{"allow":["GET"]}}],"collection":[{"href":"https:\/\/radio-aviva.com\/nimes\/wp-json\/wp\/v2\/podcast"}],"about":[{"href":"https:\/\/radio-aviva.com\/nimes\/wp-json\/wp\/v2\/types\/podcast"}],"author":[{"embeddable":true,"href":"https:\/\/radio-aviva.com\/nimes\/wp-json\/wp\/v2\/users\/336"}],"version-history":[{"count":0,"href":"https:\/\/radio-aviva.com\/nimes\/wp-json\/wp\/v2\/podcast\/8473\/revisions"}],"wp:featuredmedia":[{"embeddable":true,"href":"https:\/\/radio-aviva.com\/nimes\/wp-json\/wp\/v2\/media\/8474"}],"wp:attachment":[{"href":"https:\/\/radio-aviva.com\/nimes\/wp-json\/wp\/v2\/media?parent=8473"}],"wp:term":[{"taxonomy":"post_tag","embeddable":true,"href":"https:\/\/radio-aviva.com\/nimes\/wp-json\/wp\/v2\/tags?post=8473"},{"taxonomy":"podcastfilter","embeddable":true,"href":"https:\/\/radio-aviva.com\/nimes\/wp-json\/wp\/v2\/podcastfilter?post=8473"}],"curies":[{"name":"wp","href":"https:\/\/api.w.org\/{rel}","templated":true}]}}

HABITAT INCLUSIF NIMES &#8211; CHANTAL BARBUSSE, ADJOINTE DELEGUEE A L&rsquo;ACTION SOCIALE ET EVAN HAMAIDE, DESIGNER SOCIAL CCAS NÎMES

<p>Une nouvelle façon de vivre ensemble émerge à Nîmes : l’habitat inclusif. Chantal Barbusse, vice-présidente du CCAS et Evan Hamaide, designer social au CCAS, présente le projet au micro de Radio Aviva Nîmes.</p>
