{"id":8478,"date":"2024-03-28T13:01:12","date_gmt":"2024-03-28T12:01:12","guid":{"rendered":"https:\/\/radio-aviva.com\/nimes\/?post_type=podcast&#038;p=8478"},"modified":"2024-03-28T13:01:12","modified_gmt":"2024-03-28T12:01:12","slug":"difficultes-financieres-le-spot-vincent-texier-directeur-du-spot","status":"publish","type":"podcast","link":"https:\/\/radio-aviva.com\/nimes\/podcast\/difficultes-financieres-le-spot-vincent-texier-directeur-du-spot\/","title":{"rendered":"DIFFICULTES FINANCIERES LE SPOT &#8211; VINCENT TEXIER, DIRECTEUR DU SPOT"},"content":{"rendered":"<p>Le SPOT, tiers-lieu culturel bien connu des n\u00eemois, est en difficult\u00e9 financi\u00e8re : la seule force des b\u00e9n\u00e9voles ne suffit plus. Un appel aux dons a \u00e9t\u00e9 lanc\u00e9.<\/p>\n","protected":false},"author":336,"featured_media":0,"template":"","tags":[],"podcastfilter":[455,30,456],"class_list":["post-8478","podcast","type-podcast","status-publish","hentry","podcastfilter-appels-aux-dons","podcastfilter-linvite-de-la-redaction","podcastfilter-le-spot"],"_links":{"self":[{"href":"https:\/\/radio-aviva.com\/nimes\/wp-json\/wp\/v2\/podcast\/8478","targetHints":{"allow":["GET"]}}],"collection":[{"href":"https:\/\/radio-aviva.com\/nimes\/wp-json\/wp\/v2\/podcast"}],"about":[{"href":"https:\/\/radio-aviva.com\/nimes\/wp-json\/wp\/v2\/types\/podcast"}],"author":[{"embeddable":true,"href":"https:\/\/radio-aviva.com\/nimes\/wp-json\/wp\/v2\/users\/336"}],"version-history":[{"count":0,"href":"https:\/\/radio-aviva.com\/nimes\/wp-json\/wp\/v2\/podcast\/8478\/revisions"}],"wp:attachment":[{"href":"https:\/\/radio-aviva.com\/nimes\/wp-json\/wp\/v2\/media?parent=8478"}],"wp:term":[{"taxonomy":"post_tag","embeddable":true,"href":"https:\/\/radio-aviva.com\/nimes\/wp-json\/wp\/v2\/tags?post=8478"},{"taxonomy":"podcastfilter","embeddable":true,"href":"https:\/\/radio-aviva.com\/nimes\/wp-json\/wp\/v2\/podcastfilter?post=8478"}],"curies":[{"name":"wp","href":"https:\/\/api.w.org\/{rel}","templated":true}]}}

<p>Le SPOT, tiers-lieu culturel bien connu des nîmois, est en difficulté financière : la seule force des bénévoles ne suffit plus. Un appel aux dons a été lancé.</p>
