{"id":8480,"date":"2024-03-28T13:12:16","date_gmt":"2024-03-28T12:12:16","guid":{"rendered":"https:\/\/radio-aviva.com\/nimes\/?post_type=podcast&#038;p=8480"},"modified":"2024-03-28T13:18:27","modified_gmt":"2024-03-28T12:18:27","slug":"journee-mondiale-de-la-sensibilisation-a-lautisme-marc-ruggirello-president-association-aspie-family","status":"publish","type":"podcast","link":"https:\/\/radio-aviva.com\/nimes\/podcast\/journee-mondiale-de-la-sensibilisation-a-lautisme-marc-ruggirello-president-association-aspie-family\/","title":{"rendered":"JOURNEE MONDIALE DE LA SENSIBILISATION A L&rsquo;AUTISME &#8211; MARC RUGGIRELLO, PRESIDENT ASSOCIATION ASPIE FAMILY"},"content":{"rendered":"<p>A l\u2019occasion de la journ\u00e9e mondiale de la sensibilisation \u00e0 l\u2019autisme, Radio Aviva N\u00eemes re\u00e7oit Marc Ruggirello, pr\u00e9sident de l\u2019association Aspie Family. Ce dernier d\u00e9taille les enjeux autour de l\u2019autisme aujourd\u2019hui, ainsi que les actions men\u00e9s par Aspie Family le 2 avril.<\/p>\n","protected":false},"author":336,"featured_media":7814,"template":"","tags":[],"podcastfilter":[457,150,287,30,5],"class_list":["post-8480","podcast","type-podcast","status-publish","has-post-thumbnail","hentry","podcastfilter-aspie-family","podcastfilter-association","podcastfilter-autisme","podcastfilter-linvite-de-la-redaction","podcastfilter-nimes"],"_links":{"self":[{"href":"https:\/\/radio-aviva.com\/nimes\/wp-json\/wp\/v2\/podcast\/8480","targetHints":{"allow":["GET"]}}],"collection":[{"href":"https:\/\/radio-aviva.com\/nimes\/wp-json\/wp\/v2\/podcast"}],"about":[{"href":"https:\/\/radio-aviva.com\/nimes\/wp-json\/wp\/v2\/types\/podcast"}],"author":[{"embeddable":true,"href":"https:\/\/radio-aviva.com\/nimes\/wp-json\/wp\/v2\/users\/336"}],"version-history":[{"count":0,"href":"https:\/\/radio-aviva.com\/nimes\/wp-json\/wp\/v2\/podcast\/8480\/revisions"}],"wp:featuredmedia":[{"embeddable":true,"href":"https:\/\/radio-aviva.com\/nimes\/wp-json\/wp\/v2\/media\/7814"}],"wp:attachment":[{"href":"https:\/\/radio-aviva.com\/nimes\/wp-json\/wp\/v2\/media?parent=8480"}],"wp:term":[{"taxonomy":"post_tag","embeddable":true,"href":"https:\/\/radio-aviva.com\/nimes\/wp-json\/wp\/v2\/tags?post=8480"},{"taxonomy":"podcastfilter","embeddable":true,"href":"https:\/\/radio-aviva.com\/nimes\/wp-json\/wp\/v2\/podcastfilter?post=8480"}],"curies":[{"name":"wp","href":"https:\/\/api.w.org\/{rel}","templated":true}]}}

<p>A l’occasion de la journée mondiale de la sensibilisation à l’autisme, Radio Aviva Nîmes reçoit Marc Ruggirello, président de l’association Aspie Family. Ce dernier détaille les enjeux autour de l’autisme aujourd’hui, ainsi que les actions menés par Aspie Family le 2 avril.</p>
