{"id":8482,"date":"2024-03-28T14:00:11","date_gmt":"2024-03-28T13:00:11","guid":{"rendered":"https:\/\/radio-aviva.com\/nimes\/?post_type=podcast&#038;p=8482"},"modified":"2024-03-28T14:00:11","modified_gmt":"2024-03-28T13:00:11","slug":"journee-reprise-confiance-en-soi-major-isabelle-sabatier-gendarmerie-commandant-la-maison-de-protection-des-familles-du-gard","status":"publish","type":"podcast","link":"https:\/\/radio-aviva.com\/nimes\/podcast\/journee-reprise-confiance-en-soi-major-isabelle-sabatier-gendarmerie-commandant-la-maison-de-protection-des-familles-du-gard\/","title":{"rendered":"JOURNEE REPRISE CONFIANCE EN SOI &#8211; MAJOR ISABELLE SABATIER, GENDARMERIE, COMMANDANT LA MAISON DE PROTECTION DES FAMILLES DU GARD"},"content":{"rendered":"<p>La Gendarmerie du Gard a organis\u00e9e une journ\u00e9e, ouverte \u00e0 tous, destin\u00e9e \u00e0 la reprise de confiance en soi tant sur le domaine physique que soci\u00e9tal, notamment dans le domaine juridique et social.<\/p>\n","protected":false},"author":336,"featured_media":0,"template":"","tags":[],"podcastfilter":[238,458],"class_list":["post-8482","podcast","type-podcast","status-publish","hentry","podcastfilter-ateliers","podcastfilter-reprise-confiance-en-soi"],"_links":{"self":[{"href":"https:\/\/radio-aviva.com\/nimes\/wp-json\/wp\/v2\/podcast\/8482","targetHints":{"allow":["GET"]}}],"collection":[{"href":"https:\/\/radio-aviva.com\/nimes\/wp-json\/wp\/v2\/podcast"}],"about":[{"href":"https:\/\/radio-aviva.com\/nimes\/wp-json\/wp\/v2\/types\/podcast"}],"author":[{"embeddable":true,"href":"https:\/\/radio-aviva.com\/nimes\/wp-json\/wp\/v2\/users\/336"}],"version-history":[{"count":0,"href":"https:\/\/radio-aviva.com\/nimes\/wp-json\/wp\/v2\/podcast\/8482\/revisions"}],"wp:attachment":[{"href":"https:\/\/radio-aviva.com\/nimes\/wp-json\/wp\/v2\/media?parent=8482"}],"wp:term":[{"taxonomy":"post_tag","embeddable":true,"href":"https:\/\/radio-aviva.com\/nimes\/wp-json\/wp\/v2\/tags?post=8482"},{"taxonomy":"podcastfilter","embeddable":true,"href":"https:\/\/radio-aviva.com\/nimes\/wp-json\/wp\/v2\/podcastfilter?post=8482"}],"curies":[{"name":"wp","href":"https:\/\/api.w.org\/{rel}","templated":true}]}}

<p>La Gendarmerie du Gard a organisée une journée, ouverte à tous, destinée à la reprise de confiance en soi tant sur le domaine physique que sociétal, notamment dans le domaine juridique et social.</p>
