{"id":8524,"date":"2024-04-16T16:01:48","date_gmt":"2024-04-16T14:01:48","guid":{"rendered":"https:\/\/radio-aviva.com\/nimes\/?post_type=podcast&#038;p=8524"},"modified":"2024-04-16T16:01:48","modified_gmt":"2024-04-16T14:01:48","slug":"campus-avec-liliane-dray-les-capacites-attentionnelles-des-eleves","status":"publish","type":"podcast","link":"https:\/\/radio-aviva.com\/nimes\/podcast\/campus-avec-liliane-dray-les-capacites-attentionnelles-des-eleves\/","title":{"rendered":"CAMPUS &#8211; AVEC LILIANE DRAY &#8211; LES CAPACITES ATTENTIONNELLES DES ELEVES"},"content":{"rendered":"<p>Gr\u00e2ce aux \u00e9tudes r\u00e9alis\u00e9es par le r\u00e9seau CANOPE, on va dans cette rubrique, revenir sur quelques<\/p>\n<p>id\u00e9es pour am\u00e9liorer les capacit\u00e9s attentionnelles des \u00e9l\u00e8ves.<\/p>\n<p>&#8211; On va donc parler de l\u2019attention et de la concentration qui sont deux conditions indispensables \u00e0<\/p>\n<p>toute forme d\u2019apprentissage.<\/p>\n<p>&#8211; Alors, face \u00e0 ces constats, comment am\u00e9liorer en classe, au quotidien, les capacit\u00e9s<\/p>\n<p>attentionnelles des \u00e9l\u00e8ves ?<\/p>\n<p>&#8211; Et on n\u2019oublie pas qu\u2019en plus les jeunes sont continuellement bombard\u00e9s d\u2019informations.<\/p>\n<p>&#8211; Si ce sujet sur l\u2019\u00e9tude sur les capacit\u00e9s attentionnelles des \u00e9l\u00e8ves vous int\u00e9resse, le lire sur<\/p>\n<p>www.reseau-canope.fr\/actualites<\/p>\n","protected":false},"author":1,"featured_media":8522,"template":"","tags":[],"podcastfilter":[164,165,132,5,145],"class_list":["post-8524","podcast","type-podcast","status-publish","has-post-thumbnail","hentry","podcastfilter-campus","podcastfilter-education","podcastfilter-montpellier","podcastfilter-nimes","podcastfilter-perpignan"],"_links":{"self":[{"href":"https:\/\/radio-aviva.com\/nimes\/wp-json\/wp\/v2\/podcast\/8524","targetHints":{"allow":["GET"]}}],"collection":[{"href":"https:\/\/radio-aviva.com\/nimes\/wp-json\/wp\/v2\/podcast"}],"about":[{"href":"https:\/\/radio-aviva.com\/nimes\/wp-json\/wp\/v2\/types\/podcast"}],"author":[{"embeddable":true,"href":"https:\/\/radio-aviva.com\/nimes\/wp-json\/wp\/v2\/users\/1"}],"version-history":[{"count":0,"href":"https:\/\/radio-aviva.com\/nimes\/wp-json\/wp\/v2\/podcast\/8524\/revisions"}],"wp:featuredmedia":[{"embeddable":true,"href":"https:\/\/radio-aviva.com\/nimes\/wp-json\/wp\/v2\/media\/8522"}],"wp:attachment":[{"href":"https:\/\/radio-aviva.com\/nimes\/wp-json\/wp\/v2\/media?parent=8524"}],"wp:term":[{"taxonomy":"post_tag","embeddable":true,"href":"https:\/\/radio-aviva.com\/nimes\/wp-json\/wp\/v2\/tags?post=8524"},{"taxonomy":"podcastfilter","embeddable":true,"href":"https:\/\/radio-aviva.com\/nimes\/wp-json\/wp\/v2\/podcastfilter?post=8524"}],"curies":[{"name":"wp","href":"https:\/\/api.w.org\/{rel}","templated":true}]}}

<p>Grâce aux études réalisées par le réseau CANOPE, on va dans cette rubrique, revenir sur quelques</p>
<p>idées pour améliorer les capacités attentionnelles des élèves.</p>
<p>&#8211; On va donc parler de l’attention et de la concentration qui sont deux conditions indispensables à</p>
<p>toute forme d’apprentissage.</p>
<p>&#8211; Alors, face à ces constats, comment améliorer en classe, au quotidien, les capacités</p>
<p>attentionnelles des élèves ?</p>
<p>&#8211; Et on n’oublie pas qu’en plus les jeunes sont continuellement bombardés d’informations.</p>
<p>&#8211; Si ce sujet sur l’étude sur les capacités attentionnelles des élèves vous intéresse, le lire sur</p>
<p>www.reseau-canope.fr/actualites</p>
