{"id":8556,"date":"2024-04-19T16:32:27","date_gmt":"2024-04-19T14:32:27","guid":{"rendered":"https:\/\/radio-aviva.com\/nimes\/?post_type=podcast&#038;p=8556"},"modified":"2024-04-19T16:32:27","modified_gmt":"2024-04-19T14:32:27","slug":"jazz-a-junas-jazz-a-vauvert-jazz-en-pic-saint-loup-sebastien-cabrie-directeur-de-lassociation-jazz-a-junas","status":"publish","type":"podcast","link":"https:\/\/radio-aviva.com\/nimes\/podcast\/jazz-a-junas-jazz-a-vauvert-jazz-en-pic-saint-loup-sebastien-cabrie-directeur-de-lassociation-jazz-a-junas\/","title":{"rendered":"JAZZ A JUNAS, JAZZ A VAUVERT, JAZZ EN PIC-SAINT-LOUP &#8211; SEBASTIEN CABRIE, DIRECTEUR DE L&rsquo;ASSOCIATION JAZZ A JUNAS"},"content":{"rendered":"<p>L\u2019association Jazz \u00e0 Junas organise trois festivals d\u2019ampleurs dans l\u2019H\u00e9rault et le Gard : Jazz \u00e0 Junas, Jazz \u00e0 Vauvert, et Jazz en Pic Saint-Loup. Le directeur de l\u2019association S\u00e9bastien Cabri\u00e9 nous pr\u00e9sente les \u00e9v\u00e9nements.<\/p>\n","protected":false},"author":336,"featured_media":8550,"template":"","tags":[],"podcastfilter":[183,166,30,133],"class_list":["post-8556","podcast","type-podcast","status-publish","has-post-thumbnail","hentry","podcastfilter-gard","podcastfilter-jazz","podcastfilter-linvite-de-la-redaction","podcastfilter-musique"],"_links":{"self":[{"href":"https:\/\/radio-aviva.com\/nimes\/wp-json\/wp\/v2\/podcast\/8556","targetHints":{"allow":["GET"]}}],"collection":[{"href":"https:\/\/radio-aviva.com\/nimes\/wp-json\/wp\/v2\/podcast"}],"about":[{"href":"https:\/\/radio-aviva.com\/nimes\/wp-json\/wp\/v2\/types\/podcast"}],"author":[{"embeddable":true,"href":"https:\/\/radio-aviva.com\/nimes\/wp-json\/wp\/v2\/users\/336"}],"version-history":[{"count":0,"href":"https:\/\/radio-aviva.com\/nimes\/wp-json\/wp\/v2\/podcast\/8556\/revisions"}],"wp:featuredmedia":[{"embeddable":true,"href":"https:\/\/radio-aviva.com\/nimes\/wp-json\/wp\/v2\/media\/8550"}],"wp:attachment":[{"href":"https:\/\/radio-aviva.com\/nimes\/wp-json\/wp\/v2\/media?parent=8556"}],"wp:term":[{"taxonomy":"post_tag","embeddable":true,"href":"https:\/\/radio-aviva.com\/nimes\/wp-json\/wp\/v2\/tags?post=8556"},{"taxonomy":"podcastfilter","embeddable":true,"href":"https:\/\/radio-aviva.com\/nimes\/wp-json\/wp\/v2\/podcastfilter?post=8556"}],"curies":[{"name":"wp","href":"https:\/\/api.w.org\/{rel}","templated":true}]}}

<p>L’association Jazz à Junas organise trois festivals d’ampleurs dans l’Hérault et le Gard : Jazz à Junas, Jazz à Vauvert, et Jazz en Pic Saint-Loup. Le directeur de l’association Sébastien Cabrié nous présente les événements.</p>
