{"id":8558,"date":"2024-04-19T16:52:03","date_gmt":"2024-04-19T14:52:03","guid":{"rendered":"https:\/\/radio-aviva.com\/nimes\/?post_type=podcast&#038;p=8558"},"modified":"2024-04-19T16:59:10","modified_gmt":"2024-04-19T14:59:10","slug":"25-ans-des-etats-generaux-des-malades-atteints-de-cancer-dr-andre-mathieu-president-ligue-contre-le-cancer-comite-du-gard","status":"publish","type":"podcast","link":"https:\/\/radio-aviva.com\/nimes\/podcast\/25-ans-des-etats-generaux-des-malades-atteints-de-cancer-dr-andre-mathieu-president-ligue-contre-le-cancer-comite-du-gard\/","title":{"rendered":"25 ANS DES ETATS GENERAUX DES MALADES ATTEINTS DE CANCER &#8211; DR ANDRE MATHIEU, PRESIDENT LIGUE CONTRE LE CANCER COMITE DU GARD"},"content":{"rendered":"<p>Le docteur Andr\u00e9 Mathieu, pr\u00e9sident de la Ligue contre le cancer &#8211; comit\u00e9 du Gard, pr\u00e9sente, au micro de Radio Aviva, les 25 ans des \u00e9tats g\u00e9n\u00e9raux des malades atteints de cancer qui se d\u00e9rouleront le mercredi 24 avril.<\/p>\n","protected":false},"author":336,"featured_media":8550,"template":"","tags":[],"podcastfilter":[325],"class_list":["post-8558","podcast","type-podcast","status-publish","has-post-thumbnail","hentry","podcastfilter-ligue-contre-le-cancer-gard"],"_links":{"self":[{"href":"https:\/\/radio-aviva.com\/nimes\/wp-json\/wp\/v2\/podcast\/8558","targetHints":{"allow":["GET"]}}],"collection":[{"href":"https:\/\/radio-aviva.com\/nimes\/wp-json\/wp\/v2\/podcast"}],"about":[{"href":"https:\/\/radio-aviva.com\/nimes\/wp-json\/wp\/v2\/types\/podcast"}],"author":[{"embeddable":true,"href":"https:\/\/radio-aviva.com\/nimes\/wp-json\/wp\/v2\/users\/336"}],"version-history":[{"count":0,"href":"https:\/\/radio-aviva.com\/nimes\/wp-json\/wp\/v2\/podcast\/8558\/revisions"}],"wp:featuredmedia":[{"embeddable":true,"href":"https:\/\/radio-aviva.com\/nimes\/wp-json\/wp\/v2\/media\/8550"}],"wp:attachment":[{"href":"https:\/\/radio-aviva.com\/nimes\/wp-json\/wp\/v2\/media?parent=8558"}],"wp:term":[{"taxonomy":"post_tag","embeddable":true,"href":"https:\/\/radio-aviva.com\/nimes\/wp-json\/wp\/v2\/tags?post=8558"},{"taxonomy":"podcastfilter","embeddable":true,"href":"https:\/\/radio-aviva.com\/nimes\/wp-json\/wp\/v2\/podcastfilter?post=8558"}],"curies":[{"name":"wp","href":"https:\/\/api.w.org\/{rel}","templated":true}]}}

<p>Le docteur André Mathieu, président de la Ligue contre le cancer &#8211; comité du Gard, présente, au micro de Radio Aviva, les 25 ans des états généraux des malades atteints de cancer qui se dérouleront le mercredi 24 avril.</p>
