{"id":8562,"date":"2024-04-22T15:42:18","date_gmt":"2024-04-22T13:42:18","guid":{"rendered":"https:\/\/radio-aviva.com\/nimes\/?post_type=podcast&#038;p=8562"},"modified":"2024-04-22T15:42:18","modified_gmt":"2024-04-22T13:42:18","slug":"conference-demystifier-le-racisme-christian-siatka-chercheur-en-genetique","status":"publish","type":"podcast","link":"https:\/\/radio-aviva.com\/nimes\/podcast\/conference-demystifier-le-racisme-christian-siatka-chercheur-en-genetique\/","title":{"rendered":"CONFERENCE DEMYSTIFIER LE RACISME &#8211; CHRISTIAN SIATKA, CHERCHEUR EN GENETIQUE"},"content":{"rendered":"<p>Christian Siatka, chercheur en g\u00e9n\u00e9tique, pr\u00e9sente, au micro de Radio Aviva, la conf\u00e9rence qu&rsquo;il organise en partenariat avec la LICRA \u00e0 l&rsquo;Universit\u00e9 de N\u00eemes \u00ab\u00a0D\u00e9mystifier le racisme\u00a0\u00bb.<\/p>\n","protected":false},"author":336,"featured_media":8550,"template":"","tags":[],"podcastfilter":[153,30,419,7,468,3,5,445],"class_list":["post-8562","podcast","type-podcast","status-publish","has-post-thumbnail","hentry","podcastfilter-conference","podcastfilter-linvite-de-la-redaction","podcastfilter-licra","podcastfilter-lutte-contre-l-antisemitisme","podcastfilter-lutte-contre-le-racisme","podcastfilter-lutte-contre-les-discriminations","podcastfilter-nimes","podcastfilter-unimes-2"],"_links":{"self":[{"href":"https:\/\/radio-aviva.com\/nimes\/wp-json\/wp\/v2\/podcast\/8562","targetHints":{"allow":["GET"]}}],"collection":[{"href":"https:\/\/radio-aviva.com\/nimes\/wp-json\/wp\/v2\/podcast"}],"about":[{"href":"https:\/\/radio-aviva.com\/nimes\/wp-json\/wp\/v2\/types\/podcast"}],"author":[{"embeddable":true,"href":"https:\/\/radio-aviva.com\/nimes\/wp-json\/wp\/v2\/users\/336"}],"version-history":[{"count":0,"href":"https:\/\/radio-aviva.com\/nimes\/wp-json\/wp\/v2\/podcast\/8562\/revisions"}],"wp:featuredmedia":[{"embeddable":true,"href":"https:\/\/radio-aviva.com\/nimes\/wp-json\/wp\/v2\/media\/8550"}],"wp:attachment":[{"href":"https:\/\/radio-aviva.com\/nimes\/wp-json\/wp\/v2\/media?parent=8562"}],"wp:term":[{"taxonomy":"post_tag","embeddable":true,"href":"https:\/\/radio-aviva.com\/nimes\/wp-json\/wp\/v2\/tags?post=8562"},{"taxonomy":"podcastfilter","embeddable":true,"href":"https:\/\/radio-aviva.com\/nimes\/wp-json\/wp\/v2\/podcastfilter?post=8562"}],"curies":[{"name":"wp","href":"https:\/\/api.w.org\/{rel}","templated":true}]}}

<p>Christian Siatka, chercheur en génétique, présente, au micro de Radio Aviva, la conférence qu&rsquo;il organise en partenariat avec la LICRA à l&rsquo;Université de Nîmes « Démystifier le racisme ».</p>
