{"id":8564,"date":"2024-04-22T15:56:29","date_gmt":"2024-04-22T13:56:29","guid":{"rendered":"https:\/\/radio-aviva.com\/nimes\/?post_type=podcast&#038;p=8564"},"modified":"2024-04-22T15:57:50","modified_gmt":"2024-04-22T13:57:50","slug":"convention-de-signalement-medical-eric-lefort-president-de-lordre-des-kinesitherapeutes-du-gard","status":"publish","type":"podcast","link":"https:\/\/radio-aviva.com\/nimes\/podcast\/convention-de-signalement-medical-eric-lefort-president-de-lordre-des-kinesitherapeutes-du-gard\/","title":{"rendered":"CONVENTION DE SIGNALEMENT MEDICAL &#8211; ERIC LEFORT, PRESIDENT DE L&rsquo;ORDRE DES KINESITHERAPEUTES DU GARD"},"content":{"rendered":"<p>Eric Lefort, pr\u00e9sident de l\u2019ordre des kin\u00e9sith\u00e9rapeutes du Gard, pr\u00e9sente, au micro de Radio Aviva N\u00eemes, la convention de signalement m\u00e9dical co-sign\u00e9e avec les procureurs de la R\u00e9publique de N\u00eemes et d\u2019Al\u00e8s.<\/p>\n","protected":false},"author":336,"featured_media":8550,"template":"","tags":[],"podcastfilter":[183,30],"class_list":["post-8564","podcast","type-podcast","status-publish","has-post-thumbnail","hentry","podcastfilter-gard","podcastfilter-linvite-de-la-redaction"],"_links":{"self":[{"href":"https:\/\/radio-aviva.com\/nimes\/wp-json\/wp\/v2\/podcast\/8564","targetHints":{"allow":["GET"]}}],"collection":[{"href":"https:\/\/radio-aviva.com\/nimes\/wp-json\/wp\/v2\/podcast"}],"about":[{"href":"https:\/\/radio-aviva.com\/nimes\/wp-json\/wp\/v2\/types\/podcast"}],"author":[{"embeddable":true,"href":"https:\/\/radio-aviva.com\/nimes\/wp-json\/wp\/v2\/users\/336"}],"version-history":[{"count":0,"href":"https:\/\/radio-aviva.com\/nimes\/wp-json\/wp\/v2\/podcast\/8564\/revisions"}],"wp:featuredmedia":[{"embeddable":true,"href":"https:\/\/radio-aviva.com\/nimes\/wp-json\/wp\/v2\/media\/8550"}],"wp:attachment":[{"href":"https:\/\/radio-aviva.com\/nimes\/wp-json\/wp\/v2\/media?parent=8564"}],"wp:term":[{"taxonomy":"post_tag","embeddable":true,"href":"https:\/\/radio-aviva.com\/nimes\/wp-json\/wp\/v2\/tags?post=8564"},{"taxonomy":"podcastfilter","embeddable":true,"href":"https:\/\/radio-aviva.com\/nimes\/wp-json\/wp\/v2\/podcastfilter?post=8564"}],"curies":[{"name":"wp","href":"https:\/\/api.w.org\/{rel}","templated":true}]}}

<p>Eric Lefort, président de l’ordre des kinésithérapeutes du Gard, présente, au micro de Radio Aviva Nîmes, la convention de signalement médical co-signée avec les procureurs de la République de Nîmes et d’Alès.</p>
