{"id":8569,"date":"2024-04-22T16:38:12","date_gmt":"2024-04-22T14:38:12","guid":{"rendered":"https:\/\/radio-aviva.com\/nimes\/?post_type=podcast&#038;p=8569"},"modified":"2024-04-22T16:38:12","modified_gmt":"2024-04-22T14:38:12","slug":"copie-machine-antoine-lefebvre-et-laura-morsch-kihn-artistes","status":"publish","type":"podcast","link":"https:\/\/radio-aviva.com\/nimes\/podcast\/copie-machine-antoine-lefebvre-et-laura-morsch-kihn-artistes\/","title":{"rendered":"COPIE MACHINE &#8211; ANTOINE LEFEBVRE ET LAURA MORSCH-KIHN, ARTISTES"},"content":{"rendered":"<p>Dans cette \u00e9mission de Culture et compagnie, Antoine Lefebvre et Laura Morsch-Kihn, artistes, pr\u00e9sentent, au micro de Radio Aviva N\u00eemes, le projet Copie Machine X Carr\u00e9 d&rsquo;Art \u00e0 d\u00e9couvrir au mus\u00e9e d&rsquo;art contemporain de N\u00eemes du 31 mai au 27 septembre.<\/p>\n<p>&nbsp;<\/p>\n","protected":false},"author":336,"featured_media":6782,"template":"","tags":[],"podcastfilter":[8,401,175,470,24,183,5],"class_list":["post-8569","podcast","type-podcast","status-publish","has-post-thumbnail","hentry","podcastfilter-art","podcastfilter-art-contemporain","podcastfilter-artiste","podcastfilter-carre-dart","podcastfilter-culture-et-compagnie","podcastfilter-gard","podcastfilter-nimes"],"_links":{"self":[{"href":"https:\/\/radio-aviva.com\/nimes\/wp-json\/wp\/v2\/podcast\/8569","targetHints":{"allow":["GET"]}}],"collection":[{"href":"https:\/\/radio-aviva.com\/nimes\/wp-json\/wp\/v2\/podcast"}],"about":[{"href":"https:\/\/radio-aviva.com\/nimes\/wp-json\/wp\/v2\/types\/podcast"}],"author":[{"embeddable":true,"href":"https:\/\/radio-aviva.com\/nimes\/wp-json\/wp\/v2\/users\/336"}],"version-history":[{"count":0,"href":"https:\/\/radio-aviva.com\/nimes\/wp-json\/wp\/v2\/podcast\/8569\/revisions"}],"wp:featuredmedia":[{"embeddable":true,"href":"https:\/\/radio-aviva.com\/nimes\/wp-json\/wp\/v2\/media\/6782"}],"wp:attachment":[{"href":"https:\/\/radio-aviva.com\/nimes\/wp-json\/wp\/v2\/media?parent=8569"}],"wp:term":[{"taxonomy":"post_tag","embeddable":true,"href":"https:\/\/radio-aviva.com\/nimes\/wp-json\/wp\/v2\/tags?post=8569"},{"taxonomy":"podcastfilter","embeddable":true,"href":"https:\/\/radio-aviva.com\/nimes\/wp-json\/wp\/v2\/podcastfilter?post=8569"}],"curies":[{"name":"wp","href":"https:\/\/api.w.org\/{rel}","templated":true}]}}

<p>Dans cette émission de Culture et compagnie, Antoine Lefebvre et Laura Morsch-Kihn, artistes, présentent, au micro de Radio Aviva Nîmes, le projet Copie Machine X Carré d&rsquo;Art à découvrir au musée d&rsquo;art contemporain de Nîmes du 31 mai au 27 septembre.</p>
<p>&nbsp;</p>
