{"id":8890,"date":"2024-06-26T13:34:18","date_gmt":"2024-06-26T11:34:18","guid":{"rendered":"https:\/\/radio-aviva.com\/nimes\/?post_type=podcast&#038;p=8890"},"modified":"2024-06-26T13:34:18","modified_gmt":"2024-06-26T11:34:18","slug":"programmation-estivale-de-la-comedie-de-nimes-arnaud-mars-directeur","status":"publish","type":"podcast","link":"https:\/\/radio-aviva.com\/nimes\/podcast\/programmation-estivale-de-la-comedie-de-nimes-arnaud-mars-directeur\/","title":{"rendered":"PROGRAMMATION ESTIVALE DE LA COMEDIE DE NIMES &#8211; ARNAUD MARS, DIRECTEUR"},"content":{"rendered":"\n<p>Le Mercredi c&rsquo;est com\u00e9die 2024 aura lieu du 3 juillet au 28 ao\u00fbt prochain. Pour cette 3e \u00e9dition, le festival de th\u00e9\u00e2tre de plein air vous donne rendez-vous au Mas de la Barben \u00e0 10 minutes de N\u00eemes. Au programme du festival Le Mercredi c&rsquo;est com\u00e9die, retrouvez des ap\u00e9ros musicaux, des d\u00e9gustations et food trucks et surtout, les meilleures com\u00e9dies du moment.<\/p>\n","protected":false},"author":336,"featured_media":8891,"template":"","tags":[],"podcastfilter":[362,5],"class_list":["post-8890","podcast","type-podcast","status-publish","has-post-thumbnail","hentry","podcastfilter-cafe-theatre-la-comedie-de-nimes","podcastfilter-nimes"],"_links":{"self":[{"href":"https:\/\/radio-aviva.com\/nimes\/wp-json\/wp\/v2\/podcast\/8890","targetHints":{"allow":["GET"]}}],"collection":[{"href":"https:\/\/radio-aviva.com\/nimes\/wp-json\/wp\/v2\/podcast"}],"about":[{"href":"https:\/\/radio-aviva.com\/nimes\/wp-json\/wp\/v2\/types\/podcast"}],"author":[{"embeddable":true,"href":"https:\/\/radio-aviva.com\/nimes\/wp-json\/wp\/v2\/users\/336"}],"version-history":[{"count":1,"href":"https:\/\/radio-aviva.com\/nimes\/wp-json\/wp\/v2\/podcast\/8890\/revisions"}],"predecessor-version":[{"id":8892,"href":"https:\/\/radio-aviva.com\/nimes\/wp-json\/wp\/v2\/podcast\/8890\/revisions\/8892"}],"wp:featuredmedia":[{"embeddable":true,"href":"https:\/\/radio-aviva.com\/nimes\/wp-json\/wp\/v2\/media\/8891"}],"wp:attachment":[{"href":"https:\/\/radio-aviva.com\/nimes\/wp-json\/wp\/v2\/media?parent=8890"}],"wp:term":[{"taxonomy":"post_tag","embeddable":true,"href":"https:\/\/radio-aviva.com\/nimes\/wp-json\/wp\/v2\/tags?post=8890"},{"taxonomy":"podcastfilter","embeddable":true,"href":"https:\/\/radio-aviva.com\/nimes\/wp-json\/wp\/v2\/podcastfilter?post=8890"}],"curies":[{"name":"wp","href":"https:\/\/api.w.org\/{rel}","templated":true}]}}

<p>Le Mercredi c&rsquo;est comédie 2024 aura lieu du 3 juillet au 28 août prochain. Pour cette 3e édition, le festival de théâtre de plein air vous donne rendez-vous au Mas de la Barben à 10 minutes de Nîmes. Au programme du festival Le Mercredi c&rsquo;est comédie, retrouvez des apéros musicaux, des dégustations et food trucks et surtout, les meilleures comédies du moment.</p>
