{"id":8916,"date":"2024-06-28T15:53:49","date_gmt":"2024-06-28T13:53:49","guid":{"rendered":"https:\/\/radio-aviva.com\/nimes\/?post_type=podcast&#038;p=8916"},"modified":"2024-06-28T15:53:49","modified_gmt":"2024-06-28T13:53:49","slug":"libre-echange-franck-proust-president-nimes-metropole","status":"publish","type":"podcast","link":"https:\/\/radio-aviva.com\/nimes\/podcast\/libre-echange-franck-proust-president-nimes-metropole\/","title":{"rendered":"LIBRE ECHANGE &#8211; FRANCK PROUST, PRESIDENT NIMES METROPOLE"},"content":{"rendered":"\n<p>Dans cette \u00e9mission nous recevons Franck Proust, pr\u00e9sident de N\u00eemes M\u00e9tropole.<\/p>\n","protected":false},"author":336,"featured_media":8917,"template":"","tags":[],"podcastfilter":[156,320],"class_list":["post-8916","podcast","type-podcast","status-publish","has-post-thumbnail","hentry","podcastfilter-libre-echange","podcastfilter-nimes-metropole"],"_links":{"self":[{"href":"https:\/\/radio-aviva.com\/nimes\/wp-json\/wp\/v2\/podcast\/8916","targetHints":{"allow":["GET"]}}],"collection":[{"href":"https:\/\/radio-aviva.com\/nimes\/wp-json\/wp\/v2\/podcast"}],"about":[{"href":"https:\/\/radio-aviva.com\/nimes\/wp-json\/wp\/v2\/types\/podcast"}],"author":[{"embeddable":true,"href":"https:\/\/radio-aviva.com\/nimes\/wp-json\/wp\/v2\/users\/336"}],"version-history":[{"count":1,"href":"https:\/\/radio-aviva.com\/nimes\/wp-json\/wp\/v2\/podcast\/8916\/revisions"}],"predecessor-version":[{"id":8918,"href":"https:\/\/radio-aviva.com\/nimes\/wp-json\/wp\/v2\/podcast\/8916\/revisions\/8918"}],"wp:featuredmedia":[{"embeddable":true,"href":"https:\/\/radio-aviva.com\/nimes\/wp-json\/wp\/v2\/media\/8917"}],"wp:attachment":[{"href":"https:\/\/radio-aviva.com\/nimes\/wp-json\/wp\/v2\/media?parent=8916"}],"wp:term":[{"taxonomy":"post_tag","embeddable":true,"href":"https:\/\/radio-aviva.com\/nimes\/wp-json\/wp\/v2\/tags?post=8916"},{"taxonomy":"podcastfilter","embeddable":true,"href":"https:\/\/radio-aviva.com\/nimes\/wp-json\/wp\/v2\/podcastfilter?post=8916"}],"curies":[{"name":"wp","href":"https:\/\/api.w.org\/{rel}","templated":true}]}}

<p>Dans cette émission nous recevons Franck Proust, président de Nîmes Métropole.</p>
