{"id":8932,"date":"2024-07-02T13:29:44","date_gmt":"2024-07-02T11:29:44","guid":{"rendered":"https:\/\/radio-aviva.com\/nimes\/?post_type=podcast&#038;p=8932"},"modified":"2024-07-02T13:49:35","modified_gmt":"2024-07-02T11:49:35","slug":"sport-sante-sur-ordonnance-aperitifs-sportifs-bruce-villevaud-president","status":"publish","type":"podcast","link":"https:\/\/radio-aviva.com\/nimes\/podcast\/sport-sante-sur-ordonnance-aperitifs-sportifs-bruce-villevaud-president\/","title":{"rendered":"SPORT SANTE SUR ORDONNANCE APERITIFS SPORTIFS &#8211; BRUCE VILLEVAUD, PRESIDENT"},"content":{"rendered":"\n<p>Du 18 juin au 27 ao\u00fbt, l&rsquo;association sport sant\u00e9 sur ordonnance pour les ALD, va effectuer de nombreux \u00e9v\u00e9nements, tous les mardis soirs. L&rsquo;objectif de ces manifestations est de r\u00e9colter des fonds sur les ventes de boissons, pour les futurs adh\u00e9rents qui n&rsquo;ont pas d&rsquo;aide de leur mutuelle, l&rsquo;association prendra en charge 50% de leur adh\u00e9sion gr\u00e2ce\u00a0\u00e0 ces fonds. Les activit\u00e9s sportives de 20h \u00e0 21h sont gratuites pour tout\u00a0public.<\/p>\n","protected":false},"author":336,"featured_media":6891,"template":"","tags":[],"podcastfilter":[29],"class_list":["post-8932","podcast","type-podcast","status-publish","has-post-thumbnail","hentry","podcastfilter-sante"],"_links":{"self":[{"href":"https:\/\/radio-aviva.com\/nimes\/wp-json\/wp\/v2\/podcast\/8932","targetHints":{"allow":["GET"]}}],"collection":[{"href":"https:\/\/radio-aviva.com\/nimes\/wp-json\/wp\/v2\/podcast"}],"about":[{"href":"https:\/\/radio-aviva.com\/nimes\/wp-json\/wp\/v2\/types\/podcast"}],"author":[{"embeddable":true,"href":"https:\/\/radio-aviva.com\/nimes\/wp-json\/wp\/v2\/users\/336"}],"version-history":[{"count":2,"href":"https:\/\/radio-aviva.com\/nimes\/wp-json\/wp\/v2\/podcast\/8932\/revisions"}],"predecessor-version":[{"id":8936,"href":"https:\/\/radio-aviva.com\/nimes\/wp-json\/wp\/v2\/podcast\/8932\/revisions\/8936"}],"wp:featuredmedia":[{"embeddable":true,"href":"https:\/\/radio-aviva.com\/nimes\/wp-json\/wp\/v2\/media\/6891"}],"wp:attachment":[{"href":"https:\/\/radio-aviva.com\/nimes\/wp-json\/wp\/v2\/media?parent=8932"}],"wp:term":[{"taxonomy":"post_tag","embeddable":true,"href":"https:\/\/radio-aviva.com\/nimes\/wp-json\/wp\/v2\/tags?post=8932"},{"taxonomy":"podcastfilter","embeddable":true,"href":"https:\/\/radio-aviva.com\/nimes\/wp-json\/wp\/v2\/podcastfilter?post=8932"}],"curies":[{"name":"wp","href":"https:\/\/api.w.org\/{rel}","templated":true}]}}

<p>Du 18 juin au 27 août, l&rsquo;association sport santé sur ordonnance pour les ALD, va effectuer de nombreux événements, tous les mardis soirs. L&rsquo;objectif de ces manifestations est de récolter des fonds sur les ventes de boissons, pour les futurs adhérents qui n&rsquo;ont pas d&rsquo;aide de leur mutuelle, l&rsquo;association prendra en charge 50% de leur adhésion grâce à ces fonds. Les activités sportives de 20h à 21h sont gratuites pour tout public.</p>
