{"id":8937,"date":"2024-07-02T14:58:22","date_gmt":"2024-07-02T12:58:22","guid":{"rendered":"https:\/\/radio-aviva.com\/nimes\/?post_type=podcast&#038;p=8937"},"modified":"2024-07-02T14:58:22","modified_gmt":"2024-07-02T12:58:22","slug":"roman-ironie-la-vie-serge-marignan-auteur","status":"publish","type":"podcast","link":"https:\/\/radio-aviva.com\/nimes\/podcast\/roman-ironie-la-vie-serge-marignan-auteur\/","title":{"rendered":"ROMAN IRONIE LA VIE &#8211; SERGE MARIGNAN, AUTEUR"},"content":{"rendered":"\n<p>Ecrivain n\u00e9 \u00e0 Calvisson et attach\u00e9 \u00e0 ses souvenirs de vie en Occitanie et en Corse, Serge Marignan publie un second roman \u201cironie, vie\u201d, dont le sous-titre pourrait \u00eatre : l\u2019amour est notre seule et grande affaire.<\/p>\n","protected":false},"author":336,"featured_media":8938,"template":"","tags":[],"podcastfilter":[144],"class_list":["post-8937","podcast","type-podcast","status-publish","has-post-thumbnail","hentry","podcastfilter-litterature"],"_links":{"self":[{"href":"https:\/\/radio-aviva.com\/nimes\/wp-json\/wp\/v2\/podcast\/8937","targetHints":{"allow":["GET"]}}],"collection":[{"href":"https:\/\/radio-aviva.com\/nimes\/wp-json\/wp\/v2\/podcast"}],"about":[{"href":"https:\/\/radio-aviva.com\/nimes\/wp-json\/wp\/v2\/types\/podcast"}],"author":[{"embeddable":true,"href":"https:\/\/radio-aviva.com\/nimes\/wp-json\/wp\/v2\/users\/336"}],"version-history":[{"count":1,"href":"https:\/\/radio-aviva.com\/nimes\/wp-json\/wp\/v2\/podcast\/8937\/revisions"}],"predecessor-version":[{"id":8939,"href":"https:\/\/radio-aviva.com\/nimes\/wp-json\/wp\/v2\/podcast\/8937\/revisions\/8939"}],"wp:featuredmedia":[{"embeddable":true,"href":"https:\/\/radio-aviva.com\/nimes\/wp-json\/wp\/v2\/media\/8938"}],"wp:attachment":[{"href":"https:\/\/radio-aviva.com\/nimes\/wp-json\/wp\/v2\/media?parent=8937"}],"wp:term":[{"taxonomy":"post_tag","embeddable":true,"href":"https:\/\/radio-aviva.com\/nimes\/wp-json\/wp\/v2\/tags?post=8937"},{"taxonomy":"podcastfilter","embeddable":true,"href":"https:\/\/radio-aviva.com\/nimes\/wp-json\/wp\/v2\/podcastfilter?post=8937"}],"curies":[{"name":"wp","href":"https:\/\/api.w.org\/{rel}","templated":true}]}}

<p>Ecrivain né à Calvisson et attaché à ses souvenirs de vie en Occitanie et en Corse, Serge Marignan publie un second roman “ironie, vie”, dont le sous-titre pourrait être : l’amour est notre seule et grande affaire.</p>
