{"id":9045,"date":"2024-07-23T11:14:22","date_gmt":"2024-07-23T09:14:22","guid":{"rendered":"https:\/\/radio-aviva.com\/nimes\/podcast\/master-tambourin-denis-arrazat-president-de-la-ffjbt\/"},"modified":"2024-07-23T11:15:06","modified_gmt":"2024-07-23T09:15:06","slug":"master-tambourin-denis-arrazat-president-de-la-ffjbt","status":"publish","type":"podcast","link":"https:\/\/radio-aviva.com\/nimes\/podcast\/master-tambourin-denis-arrazat-president-de-la-ffjbt\/","title":{"rendered":"MASTER TAMBOURIN &#8211; DENIS ARRAZAT, PRESIDENT DE LA FFJBT"},"content":{"rendered":"<p>&nbsp;<\/p>\n<p>Dans ce nouvel \u00e9pisode de l&rsquo;invit\u00e9 sportif, Sydney Biton re\u00e7oit Denis Arrazat, venu nous parler du master de tambourin \u00e0 Cournonterral.<\/p>\n","protected":false},"author":1,"featured_media":9046,"template":"","tags":[],"podcastfilter":[174,132,5,145,19],"class_list":["post-9045","podcast","type-podcast","status-publish","has-post-thumbnail","hentry","podcastfilter-linvite-sportif","podcastfilter-montpellier","podcastfilter-nimes","podcastfilter-perpignan","podcastfilter-sport"],"_links":{"self":[{"href":"https:\/\/radio-aviva.com\/nimes\/wp-json\/wp\/v2\/podcast\/9045","targetHints":{"allow":["GET"]}}],"collection":[{"href":"https:\/\/radio-aviva.com\/nimes\/wp-json\/wp\/v2\/podcast"}],"about":[{"href":"https:\/\/radio-aviva.com\/nimes\/wp-json\/wp\/v2\/types\/podcast"}],"author":[{"embeddable":true,"href":"https:\/\/radio-aviva.com\/nimes\/wp-json\/wp\/v2\/users\/1"}],"version-history":[{"count":1,"href":"https:\/\/radio-aviva.com\/nimes\/wp-json\/wp\/v2\/podcast\/9045\/revisions"}],"predecessor-version":[{"id":9047,"href":"https:\/\/radio-aviva.com\/nimes\/wp-json\/wp\/v2\/podcast\/9045\/revisions\/9047"}],"wp:featuredmedia":[{"embeddable":true,"href":"https:\/\/radio-aviva.com\/nimes\/wp-json\/wp\/v2\/media\/9046"}],"wp:attachment":[{"href":"https:\/\/radio-aviva.com\/nimes\/wp-json\/wp\/v2\/media?parent=9045"}],"wp:term":[{"taxonomy":"post_tag","embeddable":true,"href":"https:\/\/radio-aviva.com\/nimes\/wp-json\/wp\/v2\/tags?post=9045"},{"taxonomy":"podcastfilter","embeddable":true,"href":"https:\/\/radio-aviva.com\/nimes\/wp-json\/wp\/v2\/podcastfilter?post=9045"}],"curies":[{"name":"wp","href":"https:\/\/api.w.org\/{rel}","templated":true}]}}

<p>&nbsp;</p>
<p>Dans ce nouvel épisode de l&rsquo;invité sportif, Sydney Biton reçoit Denis Arrazat, venu nous parler du master de tambourin à Cournonterral.</p>
