{"id":9129,"date":"2024-09-24T12:07:43","date_gmt":"2024-09-24T10:07:43","guid":{"rendered":"https:\/\/radio-aviva.com\/nimes\/podcast\/pinedes-du-lez-yves-fourriques-resp-club-cyclos\/"},"modified":"2024-09-24T12:07:43","modified_gmt":"2024-09-24T10:07:43","slug":"pinedes-du-lez-yves-fourriques-resp-club-cyclos","status":"publish","type":"podcast","link":"https:\/\/radio-aviva.com\/nimes\/podcast\/pinedes-du-lez-yves-fourriques-resp-club-cyclos\/","title":{"rendered":"PINEDES DU LEZ &#8211; YVES FOURRIQUES, RESP CLUB CYCLOS"},"content":{"rendered":"<p>&nbsp;<\/p>\n<p>Dans ce nouvel \u00e9pisode de l&rsquo;invit\u00e9 sportif, Sydney Biton re\u00e7oit Yves Fourriques, responsable du club Cyclos.<\/p>\n","protected":false},"author":1,"featured_media":9130,"template":"","tags":[],"podcastfilter":[174,132,5,145,19],"class_list":["post-9129","podcast","type-podcast","status-publish","has-post-thumbnail","hentry","podcastfilter-linvite-sportif","podcastfilter-montpellier","podcastfilter-nimes","podcastfilter-perpignan","podcastfilter-sport"],"_links":{"self":[{"href":"https:\/\/radio-aviva.com\/nimes\/wp-json\/wp\/v2\/podcast\/9129","targetHints":{"allow":["GET"]}}],"collection":[{"href":"https:\/\/radio-aviva.com\/nimes\/wp-json\/wp\/v2\/podcast"}],"about":[{"href":"https:\/\/radio-aviva.com\/nimes\/wp-json\/wp\/v2\/types\/podcast"}],"author":[{"embeddable":true,"href":"https:\/\/radio-aviva.com\/nimes\/wp-json\/wp\/v2\/users\/1"}],"version-history":[{"count":0,"href":"https:\/\/radio-aviva.com\/nimes\/wp-json\/wp\/v2\/podcast\/9129\/revisions"}],"wp:featuredmedia":[{"embeddable":true,"href":"https:\/\/radio-aviva.com\/nimes\/wp-json\/wp\/v2\/media\/9130"}],"wp:attachment":[{"href":"https:\/\/radio-aviva.com\/nimes\/wp-json\/wp\/v2\/media?parent=9129"}],"wp:term":[{"taxonomy":"post_tag","embeddable":true,"href":"https:\/\/radio-aviva.com\/nimes\/wp-json\/wp\/v2\/tags?post=9129"},{"taxonomy":"podcastfilter","embeddable":true,"href":"https:\/\/radio-aviva.com\/nimes\/wp-json\/wp\/v2\/podcastfilter?post=9129"}],"curies":[{"name":"wp","href":"https:\/\/api.w.org\/{rel}","templated":true}]}}

<p>&nbsp;</p>
<p>Dans ce nouvel épisode de l&rsquo;invité sportif, Sydney Biton reçoit Yves Fourriques, responsable du club Cyclos.</p>
