{"id":9133,"date":"2024-09-26T11:36:09","date_gmt":"2024-09-26T09:36:09","guid":{"rendered":"https:\/\/radio-aviva.com\/nimes\/podcast\/jeux-paralympiques-valerie-schumacher-athlete\/"},"modified":"2024-09-26T11:36:09","modified_gmt":"2024-09-26T09:36:09","slug":"jeux-paralympiques-valerie-schumacher-athlete","status":"publish","type":"podcast","link":"https:\/\/radio-aviva.com\/nimes\/podcast\/jeux-paralympiques-valerie-schumacher-athlete\/","title":{"rendered":"JEUX PARALYMPIQUES VALERIE SCHUMACHER, ATHLETE"},"content":{"rendered":"<p>&nbsp;<\/p>\n<p>Dans ce nouvel \u00e9pisode de l&rsquo;invit\u00e9 sportif, Sydney Biton re\u00e7oit Val\u00e9rie Schumacher.<\/p>\n","protected":false},"author":1,"featured_media":0,"template":"","tags":[],"podcastfilter":[174,132,5,145,19],"class_list":["post-9133","podcast","type-podcast","status-publish","hentry","podcastfilter-linvite-sportif","podcastfilter-montpellier","podcastfilter-nimes","podcastfilter-perpignan","podcastfilter-sport"],"_links":{"self":[{"href":"https:\/\/radio-aviva.com\/nimes\/wp-json\/wp\/v2\/podcast\/9133","targetHints":{"allow":["GET"]}}],"collection":[{"href":"https:\/\/radio-aviva.com\/nimes\/wp-json\/wp\/v2\/podcast"}],"about":[{"href":"https:\/\/radio-aviva.com\/nimes\/wp-json\/wp\/v2\/types\/podcast"}],"author":[{"embeddable":true,"href":"https:\/\/radio-aviva.com\/nimes\/wp-json\/wp\/v2\/users\/1"}],"version-history":[{"count":0,"href":"https:\/\/radio-aviva.com\/nimes\/wp-json\/wp\/v2\/podcast\/9133\/revisions"}],"wp:attachment":[{"href":"https:\/\/radio-aviva.com\/nimes\/wp-json\/wp\/v2\/media?parent=9133"}],"wp:term":[{"taxonomy":"post_tag","embeddable":true,"href":"https:\/\/radio-aviva.com\/nimes\/wp-json\/wp\/v2\/tags?post=9133"},{"taxonomy":"podcastfilter","embeddable":true,"href":"https:\/\/radio-aviva.com\/nimes\/wp-json\/wp\/v2\/podcastfilter?post=9133"}],"curies":[{"name":"wp","href":"https:\/\/api.w.org\/{rel}","templated":true}]}}

<p>&nbsp;</p>
<p>Dans ce nouvel épisode de l&rsquo;invité sportif, Sydney Biton reçoit Valérie Schumacher.</p>
