{"id":9143,"date":"2024-10-02T09:18:13","date_gmt":"2024-10-02T07:18:13","guid":{"rendered":"https:\/\/radio-aviva.com\/nimes\/?post_type=podcast&#038;p=9143"},"modified":"2024-10-02T09:18:13","modified_gmt":"2024-10-02T07:18:13","slug":"libre-echange-c-mauny-dasen-gard","status":"publish","type":"podcast","link":"https:\/\/radio-aviva.com\/nimes\/podcast\/libre-echange-c-mauny-dasen-gard\/","title":{"rendered":"LIBRE \u00c9CHANGE &#8211; C MAUNY, DASEN GARD"},"content":{"rendered":"<p>Dans ce <span class=\"notion-enable-hover\" data-token-index=\"1\">Libre \u00c9change<\/span> du 19 septembre 2024, Olivier Biscaye, directeur de la R\u00e9daction du Midi-Libre, re\u00e7oit \u00e0 son micro Christophe MAUNY, DASEN du Gard. <span class=\"notion-enable-hover\" data-token-index=\"3\">Une \u00e9mission en partenariat avec Midi-Libre,.<\/span><!-- notionvc: 8955041c-effe-4b1c-8410-4066ffb53dcf --><\/p>\n","protected":false},"author":336,"featured_media":9144,"template":"","tags":[],"podcastfilter":[156],"class_list":["post-9143","podcast","type-podcast","status-publish","has-post-thumbnail","hentry","podcastfilter-libre-echange"],"_links":{"self":[{"href":"https:\/\/radio-aviva.com\/nimes\/wp-json\/wp\/v2\/podcast\/9143","targetHints":{"allow":["GET"]}}],"collection":[{"href":"https:\/\/radio-aviva.com\/nimes\/wp-json\/wp\/v2\/podcast"}],"about":[{"href":"https:\/\/radio-aviva.com\/nimes\/wp-json\/wp\/v2\/types\/podcast"}],"author":[{"embeddable":true,"href":"https:\/\/radio-aviva.com\/nimes\/wp-json\/wp\/v2\/users\/336"}],"version-history":[{"count":1,"href":"https:\/\/radio-aviva.com\/nimes\/wp-json\/wp\/v2\/podcast\/9143\/revisions"}],"predecessor-version":[{"id":9145,"href":"https:\/\/radio-aviva.com\/nimes\/wp-json\/wp\/v2\/podcast\/9143\/revisions\/9145"}],"wp:featuredmedia":[{"embeddable":true,"href":"https:\/\/radio-aviva.com\/nimes\/wp-json\/wp\/v2\/media\/9144"}],"wp:attachment":[{"href":"https:\/\/radio-aviva.com\/nimes\/wp-json\/wp\/v2\/media?parent=9143"}],"wp:term":[{"taxonomy":"post_tag","embeddable":true,"href":"https:\/\/radio-aviva.com\/nimes\/wp-json\/wp\/v2\/tags?post=9143"},{"taxonomy":"podcastfilter","embeddable":true,"href":"https:\/\/radio-aviva.com\/nimes\/wp-json\/wp\/v2\/podcastfilter?post=9143"}],"curies":[{"name":"wp","href":"https:\/\/api.w.org\/{rel}","templated":true}]}}

LIBRE ÉCHANGE &#8211; C MAUNY, DASEN GARD

<p>Dans ce <span class="notion-enable-hover" data-token-index="1">Libre Échange</span> du 19 septembre 2024, Olivier Biscaye, directeur de la Rédaction du Midi-Libre, reçoit à son micro Christophe MAUNY, DASEN du Gard. <span class="notion-enable-hover" data-token-index="3">Une émission en partenariat avec Midi-Libre,.</span><!-- notionvc: 8955041c-effe-4b1c-8410-4066ffb53dcf --></p>
