{"id":9176,"date":"2024-10-08T13:00:34","date_gmt":"2024-10-08T11:00:34","guid":{"rendered":"https:\/\/radio-aviva.com\/nimes\/podcast\/judo-pro-league-2024-christel-lavaud-presidente-du-judo-olympique-de-montpellier\/"},"modified":"2024-10-08T13:00:34","modified_gmt":"2024-10-08T11:00:34","slug":"judo-pro-league-2024-christel-lavaud-presidente-du-judo-olympique-de-montpellier","status":"publish","type":"podcast","link":"https:\/\/radio-aviva.com\/nimes\/podcast\/judo-pro-league-2024-christel-lavaud-presidente-du-judo-olympique-de-montpellier\/","title":{"rendered":"Judo pro league 2024 &#8211; Christel LAVAUD, Pr\u00e9sidente du Judo Olympique de Montpellier"},"content":{"rendered":"<p>&nbsp;<\/p>\n<p>Dans ce nouvel \u00e9pisode de l&rsquo;invit\u00e9 sportif, Sydney Biton re\u00e7oit Christel LAVAUD, pr\u00e9sidente du judo olympique de Montpellier.<\/p>\n","protected":false},"author":1,"featured_media":9177,"template":"","tags":[],"podcastfilter":[174,132,5,145,19],"class_list":["post-9176","podcast","type-podcast","status-publish","has-post-thumbnail","hentry","podcastfilter-linvite-sportif","podcastfilter-montpellier","podcastfilter-nimes","podcastfilter-perpignan","podcastfilter-sport"],"_links":{"self":[{"href":"https:\/\/radio-aviva.com\/nimes\/wp-json\/wp\/v2\/podcast\/9176","targetHints":{"allow":["GET"]}}],"collection":[{"href":"https:\/\/radio-aviva.com\/nimes\/wp-json\/wp\/v2\/podcast"}],"about":[{"href":"https:\/\/radio-aviva.com\/nimes\/wp-json\/wp\/v2\/types\/podcast"}],"author":[{"embeddable":true,"href":"https:\/\/radio-aviva.com\/nimes\/wp-json\/wp\/v2\/users\/1"}],"version-history":[{"count":0,"href":"https:\/\/radio-aviva.com\/nimes\/wp-json\/wp\/v2\/podcast\/9176\/revisions"}],"wp:featuredmedia":[{"embeddable":true,"href":"https:\/\/radio-aviva.com\/nimes\/wp-json\/wp\/v2\/media\/9177"}],"wp:attachment":[{"href":"https:\/\/radio-aviva.com\/nimes\/wp-json\/wp\/v2\/media?parent=9176"}],"wp:term":[{"taxonomy":"post_tag","embeddable":true,"href":"https:\/\/radio-aviva.com\/nimes\/wp-json\/wp\/v2\/tags?post=9176"},{"taxonomy":"podcastfilter","embeddable":true,"href":"https:\/\/radio-aviva.com\/nimes\/wp-json\/wp\/v2\/podcastfilter?post=9176"}],"curies":[{"name":"wp","href":"https:\/\/api.w.org\/{rel}","templated":true}]}}

Judo pro league 2024 &#8211; Christel LAVAUD, Présidente du Judo Olympique de Montpellier

<p>&nbsp;</p>
<p>Dans ce nouvel épisode de l&rsquo;invité sportif, Sydney Biton reçoit Christel LAVAUD, présidente du judo olympique de Montpellier.</p>
