{"id":9180,"date":"2024-10-08T15:29:37","date_gmt":"2024-10-08T13:29:37","guid":{"rendered":"https:\/\/radio-aviva.com\/nimes\/?post_type=podcast&#038;p=9180"},"modified":"2024-10-08T15:29:37","modified_gmt":"2024-10-08T13:29:37","slug":"campus-avec-liliane-dray-contrat-dengagement-jeune","status":"publish","type":"podcast","link":"https:\/\/radio-aviva.com\/nimes\/podcast\/campus-avec-liliane-dray-contrat-dengagement-jeune\/","title":{"rendered":"Campus avec Liliane Dray &#8211; Contrat d&rsquo;engagement Jeune"},"content":{"rendered":"<p>Dans un pr\u00e9c\u00e9dent campus, on vous a pr\u00e9sent\u00e9 le dispositif \u00ab Contrat d\u2019engagement jeune \u00bb, on y revient aujourd\u2019hui en s\u2019int\u00e9ressant aux b\u00e9n\u00e9ficiaires de ce contrat d&rsquo;engagement jeune<\/p>\n<p>&#8211; Quels sont les param\u00e8tres de cet engagement ?<\/p>\n<p>&#8211; Quelles conditions financi\u00e8res accompagnent cet engagement ?<\/p>\n<p>&#8211; En fait quels sont les engagements de ces signataires du contrat<\/p>\n<p>Pour plus de renseignements, une adresse : www.legifrance.gouv.fr<\/p>\n","protected":false},"author":1,"featured_media":8522,"template":"","tags":[],"podcastfilter":[164,373,484,132,5,145],"class_list":["post-9180","podcast","type-podcast","status-publish","has-post-thumbnail","hentry","podcastfilter-campus","podcastfilter-ecole","podcastfilter-jeune","podcastfilter-montpellier","podcastfilter-nimes","podcastfilter-perpignan"],"_links":{"self":[{"href":"https:\/\/radio-aviva.com\/nimes\/wp-json\/wp\/v2\/podcast\/9180","targetHints":{"allow":["GET"]}}],"collection":[{"href":"https:\/\/radio-aviva.com\/nimes\/wp-json\/wp\/v2\/podcast"}],"about":[{"href":"https:\/\/radio-aviva.com\/nimes\/wp-json\/wp\/v2\/types\/podcast"}],"author":[{"embeddable":true,"href":"https:\/\/radio-aviva.com\/nimes\/wp-json\/wp\/v2\/users\/1"}],"version-history":[{"count":1,"href":"https:\/\/radio-aviva.com\/nimes\/wp-json\/wp\/v2\/podcast\/9180\/revisions"}],"predecessor-version":[{"id":9181,"href":"https:\/\/radio-aviva.com\/nimes\/wp-json\/wp\/v2\/podcast\/9180\/revisions\/9181"}],"wp:featuredmedia":[{"embeddable":true,"href":"https:\/\/radio-aviva.com\/nimes\/wp-json\/wp\/v2\/media\/8522"}],"wp:attachment":[{"href":"https:\/\/radio-aviva.com\/nimes\/wp-json\/wp\/v2\/media?parent=9180"}],"wp:term":[{"taxonomy":"post_tag","embeddable":true,"href":"https:\/\/radio-aviva.com\/nimes\/wp-json\/wp\/v2\/tags?post=9180"},{"taxonomy":"podcastfilter","embeddable":true,"href":"https:\/\/radio-aviva.com\/nimes\/wp-json\/wp\/v2\/podcastfilter?post=9180"}],"curies":[{"name":"wp","href":"https:\/\/api.w.org\/{rel}","templated":true}]}}

<p>Dans un précédent campus, on vous a présenté le dispositif « Contrat d’engagement jeune », on y revient aujourd’hui en s’intéressant aux bénéficiaires de ce contrat d&rsquo;engagement jeune</p>
<p>&#8211; Quels sont les paramètres de cet engagement ?</p>
<p>&#8211; Quelles conditions financières accompagnent cet engagement ?</p>
<p>&#8211; En fait quels sont les engagements de ces signataires du contrat</p>
<p>Pour plus de renseignements, une adresse : www.legifrance.gouv.fr</p>
