{"id":9184,"date":"2024-10-08T15:43:33","date_gmt":"2024-10-08T13:43:33","guid":{"rendered":"https:\/\/radio-aviva.com\/nimes\/podcast\/campus-avec-liliane-dray-diplome-tisf\/"},"modified":"2024-10-08T15:45:01","modified_gmt":"2024-10-08T13:45:01","slug":"campus-avec-liliane-dray-diplome-tisf","status":"publish","type":"podcast","link":"https:\/\/radio-aviva.com\/nimes\/podcast\/campus-avec-liliane-dray-diplome-tisf\/","title":{"rendered":"Campus avec Liliane Dray &#8211; Dipl\u00f4me TISF"},"content":{"rendered":"<p>Connaissez-vous le dipl\u00f4me TISF technicien de l&rsquo;intervention sociale et familiale, c\u2019est un dipl\u00f4me r\u00e9invent\u00e9.<\/p>\n<p>&#8211; Voyons comment la formation sera divis\u00e9e en blocs de comp\u00e9tences.<br \/>\n&#8211; Comment se d\u00e9roule la validation de ce dipl\u00f4me\u00a0? Quels sont les crit\u00e8res d\u2019admissibilit\u00e9\u00a0?<br \/>\n&#8211; Pour les autres, deux voies pour obtenir un dipl\u00f4me<br \/>\n&#8211; Voyons donc les modalit\u00e9s d\u2019\u00e9valuation\u00a0de la certification.<br \/>\n&#8211; On finit avec la composition du jury qui d\u00e9livre le dipl\u00f4me<\/p>\n<p>Pour en savoir plus sur le m\u00e9tier, le site du travail social: www.ash.tm.fr<\/p>\n","protected":false},"author":1,"featured_media":8522,"template":"","tags":[],"podcastfilter":[164,132,5,145,311],"class_list":["post-9184","podcast","type-podcast","status-publish","has-post-thumbnail","hentry","podcastfilter-campus","podcastfilter-montpellier","podcastfilter-nimes","podcastfilter-perpignan","podcastfilter-social"],"_links":{"self":[{"href":"https:\/\/radio-aviva.com\/nimes\/wp-json\/wp\/v2\/podcast\/9184","targetHints":{"allow":["GET"]}}],"collection":[{"href":"https:\/\/radio-aviva.com\/nimes\/wp-json\/wp\/v2\/podcast"}],"about":[{"href":"https:\/\/radio-aviva.com\/nimes\/wp-json\/wp\/v2\/types\/podcast"}],"author":[{"embeddable":true,"href":"https:\/\/radio-aviva.com\/nimes\/wp-json\/wp\/v2\/users\/1"}],"version-history":[{"count":1,"href":"https:\/\/radio-aviva.com\/nimes\/wp-json\/wp\/v2\/podcast\/9184\/revisions"}],"predecessor-version":[{"id":9185,"href":"https:\/\/radio-aviva.com\/nimes\/wp-json\/wp\/v2\/podcast\/9184\/revisions\/9185"}],"wp:featuredmedia":[{"embeddable":true,"href":"https:\/\/radio-aviva.com\/nimes\/wp-json\/wp\/v2\/media\/8522"}],"wp:attachment":[{"href":"https:\/\/radio-aviva.com\/nimes\/wp-json\/wp\/v2\/media?parent=9184"}],"wp:term":[{"taxonomy":"post_tag","embeddable":true,"href":"https:\/\/radio-aviva.com\/nimes\/wp-json\/wp\/v2\/tags?post=9184"},{"taxonomy":"podcastfilter","embeddable":true,"href":"https:\/\/radio-aviva.com\/nimes\/wp-json\/wp\/v2\/podcastfilter?post=9184"}],"curies":[{"name":"wp","href":"https:\/\/api.w.org\/{rel}","templated":true}]}}

Campus avec Liliane Dray &#8211; Diplôme TISF

<p>Connaissez-vous le diplôme TISF technicien de l&rsquo;intervention sociale et familiale, c’est un diplôme réinventé.</p>
<p>&#8211; Voyons comment la formation sera divisée en blocs de compétences.<br />
&#8211; Comment se déroule la validation de ce diplôme ? Quels sont les critères d’admissibilité ?<br />
&#8211; Pour les autres, deux voies pour obtenir un diplôme<br />
&#8211; Voyons donc les modalités d’évaluation de la certification.<br />
&#8211; On finit avec la composition du jury qui délivre le diplôme</p>
<p>Pour en savoir plus sur le métier, le site du travail social: www.ash.tm.fr</p>
