{"id":9201,"date":"2024-10-22T12:15:23","date_gmt":"2024-10-22T10:15:23","guid":{"rendered":"https:\/\/radio-aviva.com\/nimes\/podcast\/national-tennis-cup-du-cap-dagde-herve-poletti-directeur-du-cit-tennis-du-cap-dagde\/"},"modified":"2024-10-22T12:15:23","modified_gmt":"2024-10-22T10:15:23","slug":"national-tennis-cup-du-cap-dagde-herve-poletti-directeur-du-cit-tennis-du-cap-dagde","status":"publish","type":"podcast","link":"https:\/\/radio-aviva.com\/nimes\/podcast\/national-tennis-cup-du-cap-dagde-herve-poletti-directeur-du-cit-tennis-du-cap-dagde\/","title":{"rendered":"National tennis cup du Cap dAgde &#8211; Herv\u00e9 POLETTI, directeur du CIT tennis du Cap d&rsquo;Agde"},"content":{"rendered":"<p>&nbsp;<\/p>\n<p>Dans ce nouvel \u00e9pisode de l&rsquo;invit\u00e9 sportif, Sydney Biton re\u00e7oit Herv\u00e9 Poletti, venu nous parler de la national cup du Cap d&rsquo;Agde.<\/p>\n","protected":false},"author":1,"featured_media":9202,"template":"","tags":[],"podcastfilter":[174,132,5,145,19],"class_list":["post-9201","podcast","type-podcast","status-publish","has-post-thumbnail","hentry","podcastfilter-linvite-sportif","podcastfilter-montpellier","podcastfilter-nimes","podcastfilter-perpignan","podcastfilter-sport"],"_links":{"self":[{"href":"https:\/\/radio-aviva.com\/nimes\/wp-json\/wp\/v2\/podcast\/9201","targetHints":{"allow":["GET"]}}],"collection":[{"href":"https:\/\/radio-aviva.com\/nimes\/wp-json\/wp\/v2\/podcast"}],"about":[{"href":"https:\/\/radio-aviva.com\/nimes\/wp-json\/wp\/v2\/types\/podcast"}],"author":[{"embeddable":true,"href":"https:\/\/radio-aviva.com\/nimes\/wp-json\/wp\/v2\/users\/1"}],"version-history":[{"count":0,"href":"https:\/\/radio-aviva.com\/nimes\/wp-json\/wp\/v2\/podcast\/9201\/revisions"}],"wp:featuredmedia":[{"embeddable":true,"href":"https:\/\/radio-aviva.com\/nimes\/wp-json\/wp\/v2\/media\/9202"}],"wp:attachment":[{"href":"https:\/\/radio-aviva.com\/nimes\/wp-json\/wp\/v2\/media?parent=9201"}],"wp:term":[{"taxonomy":"post_tag","embeddable":true,"href":"https:\/\/radio-aviva.com\/nimes\/wp-json\/wp\/v2\/tags?post=9201"},{"taxonomy":"podcastfilter","embeddable":true,"href":"https:\/\/radio-aviva.com\/nimes\/wp-json\/wp\/v2\/podcastfilter?post=9201"}],"curies":[{"name":"wp","href":"https:\/\/api.w.org\/{rel}","templated":true}]}}

National tennis cup du Cap dAgde &#8211; Hervé POLETTI, directeur du CIT tennis du Cap d&rsquo;Agde

<p>&nbsp;</p>
<p>Dans ce nouvel épisode de l&rsquo;invité sportif, Sydney Biton reçoit Hervé Poletti, venu nous parler de la national cup du Cap d&rsquo;Agde.</p>
