{"id":9211,"date":"2024-10-30T15:20:34","date_gmt":"2024-10-30T14:20:34","guid":{"rendered":"https:\/\/radio-aviva.com\/nimes\/?post_type=podcast&#038;p=9211"},"modified":"2024-10-30T15:20:34","modified_gmt":"2024-10-30T14:20:34","slug":"journee-gardoise-des-aidants-christian-polge-helene-rossinot","status":"publish","type":"podcast","link":"https:\/\/radio-aviva.com\/nimes\/podcast\/journee-gardoise-des-aidants-christian-polge-helene-rossinot\/","title":{"rendered":"Journ\u00e9e Gardoise des aidants &#8211; Christian POLGE, H\u00e9l\u00e8ne ROSSINOT"},"content":{"rendered":"<p>Dans cette \u00e9mission nous vous parlerons de la journ\u00e9e des aidants du Gard, s\u2019\u00e9tant d\u00e9roul\u00e9 cette ann\u00e9e dans le centre-ville de N\u00eemes, mais aussi des projets qui gravites autour. Notre journaliste a pu rencontrer Christian POLGE,directeur du CODES du gard et le Docteur H\u00e9l\u00e8ne ROSSINOT, auteur du livre \u201cPrendre soin des aidants\u201d.<\/p>\n","protected":false},"author":329,"featured_media":8550,"template":"","tags":[],"podcastfilter":[183,30],"class_list":["post-9211","podcast","type-podcast","status-publish","has-post-thumbnail","hentry","podcastfilter-gard","podcastfilter-linvite-de-la-redaction"],"_links":{"self":[{"href":"https:\/\/radio-aviva.com\/nimes\/wp-json\/wp\/v2\/podcast\/9211","targetHints":{"allow":["GET"]}}],"collection":[{"href":"https:\/\/radio-aviva.com\/nimes\/wp-json\/wp\/v2\/podcast"}],"about":[{"href":"https:\/\/radio-aviva.com\/nimes\/wp-json\/wp\/v2\/types\/podcast"}],"author":[{"embeddable":true,"href":"https:\/\/radio-aviva.com\/nimes\/wp-json\/wp\/v2\/users\/329"}],"version-history":[{"count":1,"href":"https:\/\/radio-aviva.com\/nimes\/wp-json\/wp\/v2\/podcast\/9211\/revisions"}],"predecessor-version":[{"id":9212,"href":"https:\/\/radio-aviva.com\/nimes\/wp-json\/wp\/v2\/podcast\/9211\/revisions\/9212"}],"wp:featuredmedia":[{"embeddable":true,"href":"https:\/\/radio-aviva.com\/nimes\/wp-json\/wp\/v2\/media\/8550"}],"wp:attachment":[{"href":"https:\/\/radio-aviva.com\/nimes\/wp-json\/wp\/v2\/media?parent=9211"}],"wp:term":[{"taxonomy":"post_tag","embeddable":true,"href":"https:\/\/radio-aviva.com\/nimes\/wp-json\/wp\/v2\/tags?post=9211"},{"taxonomy":"podcastfilter","embeddable":true,"href":"https:\/\/radio-aviva.com\/nimes\/wp-json\/wp\/v2\/podcastfilter?post=9211"}],"curies":[{"name":"wp","href":"https:\/\/api.w.org\/{rel}","templated":true}]}}

Journée Gardoise des aidants &#8211; Christian POLGE, Hélène ROSSINOT

<p>Dans cette émission nous vous parlerons de la journée des aidants du Gard, s’étant déroulé cette année dans le centre-ville de Nîmes, mais aussi des projets qui gravites autour. Notre journaliste a pu rencontrer Christian POLGE,directeur du CODES du gard et le Docteur Hélène ROSSINOT, auteur du livre “Prendre soin des aidants”.</p>
