{"id":9227,"date":"2024-11-06T15:51:39","date_gmt":"2024-11-06T14:51:39","guid":{"rendered":"https:\/\/radio-aviva.com\/nimes\/?post_type=podcast&#038;p=9227"},"modified":"2024-11-06T15:51:39","modified_gmt":"2024-11-06T14:51:39","slug":"campus-avec-liliane-dray-la-reussite-de-lecole","status":"publish","type":"podcast","link":"https:\/\/radio-aviva.com\/nimes\/podcast\/campus-avec-liliane-dray-la-reussite-de-lecole\/","title":{"rendered":"Campus avec Liliane Dray &#8211; La r\u00e9ussite de l&rsquo;Ecole"},"content":{"rendered":"<p>Et si on essayait de mieux comprendre l\u2019expression \u00ab\u00a0R\u00e9ussite \u00e0 l\u2019Ecole, r\u00e9ussite de l\u2019Ecole\u00a0\u00bb<br \/>\n\uf0b7 Pour r\u00e9pondre \u00e0 ces questions, le Conseil \u00e9conomique, social et environnemental a adopt\u00e9 un<br \/>\nrapport en juin 2024, on en parle\u00a0:<br \/>\n\uf0b7 Alors revenons sur l\u2019orientation et les parcours scolaires<br \/>\n\uf0b7 Quelles sont donc les pr\u00e9conisations pour atteindre ces objectifs d\u2019\u00e9galit\u00e9 des chances\u00a0?<br \/>\n\uf0b7 Encore plus de pr\u00e9cisions sur ces belles intentions en allant sur le www.lecese.fr<\/p>\n","protected":false},"author":1,"featured_media":8522,"template":"","tags":[],"podcastfilter":[164,373,165,132,5,145],"class_list":["post-9227","podcast","type-podcast","status-publish","has-post-thumbnail","hentry","podcastfilter-campus","podcastfilter-ecole","podcastfilter-education","podcastfilter-montpellier","podcastfilter-nimes","podcastfilter-perpignan"],"_links":{"self":[{"href":"https:\/\/radio-aviva.com\/nimes\/wp-json\/wp\/v2\/podcast\/9227","targetHints":{"allow":["GET"]}}],"collection":[{"href":"https:\/\/radio-aviva.com\/nimes\/wp-json\/wp\/v2\/podcast"}],"about":[{"href":"https:\/\/radio-aviva.com\/nimes\/wp-json\/wp\/v2\/types\/podcast"}],"author":[{"embeddable":true,"href":"https:\/\/radio-aviva.com\/nimes\/wp-json\/wp\/v2\/users\/1"}],"version-history":[{"count":1,"href":"https:\/\/radio-aviva.com\/nimes\/wp-json\/wp\/v2\/podcast\/9227\/revisions"}],"predecessor-version":[{"id":9228,"href":"https:\/\/radio-aviva.com\/nimes\/wp-json\/wp\/v2\/podcast\/9227\/revisions\/9228"}],"wp:featuredmedia":[{"embeddable":true,"href":"https:\/\/radio-aviva.com\/nimes\/wp-json\/wp\/v2\/media\/8522"}],"wp:attachment":[{"href":"https:\/\/radio-aviva.com\/nimes\/wp-json\/wp\/v2\/media?parent=9227"}],"wp:term":[{"taxonomy":"post_tag","embeddable":true,"href":"https:\/\/radio-aviva.com\/nimes\/wp-json\/wp\/v2\/tags?post=9227"},{"taxonomy":"podcastfilter","embeddable":true,"href":"https:\/\/radio-aviva.com\/nimes\/wp-json\/wp\/v2\/podcastfilter?post=9227"}],"curies":[{"name":"wp","href":"https:\/\/api.w.org\/{rel}","templated":true}]}}

Campus avec Liliane Dray &#8211; La réussite de l&rsquo;Ecole

<p>Et si on essayait de mieux comprendre l’expression « Réussite à l’Ecole, réussite de l’Ecole »<br />
 Pour répondre à ces questions, le Conseil économique, social et environnemental a adopté un<br />
rapport en juin 2024, on en parle :<br />
 Alors revenons sur l’orientation et les parcours scolaires<br />
 Quelles sont donc les préconisations pour atteindre ces objectifs d’égalité des chances ?<br />
 Encore plus de précisions sur ces belles intentions en allant sur le www.lecese.fr</p>
