{"id":9231,"date":"2024-11-07T12:14:35","date_gmt":"2024-11-07T11:14:35","guid":{"rendered":"https:\/\/radio-aviva.com\/nimes\/podcast\/run-in-cres-pierre-devaux-lemonnier-secretaire-des-foulee-de-la-solidarite\/"},"modified":"2024-11-07T12:14:35","modified_gmt":"2024-11-07T11:14:35","slug":"run-in-cres-pierre-devaux-lemonnier-secretaire-des-foulee-de-la-solidarite","status":"publish","type":"podcast","link":"https:\/\/radio-aviva.com\/nimes\/podcast\/run-in-cres-pierre-devaux-lemonnier-secretaire-des-foulee-de-la-solidarite\/","title":{"rendered":"Run in Cres &#8211; Pierre DEVAUX-LEMONNIER, Secr\u00e9taire des foul\u00e9e de la solidarit\u00e9"},"content":{"rendered":"<p>&nbsp;<\/p>\n<p>Dans ce nouvel \u00e9pisode de l&rsquo;invit\u00e9 sportif, Sydney Biton re\u00e7oit Pierre DEVAUX-LEMONNIER, venu nous parler de l&rsquo;\u00e9v\u00e9nement Run in Cres.<\/p>\n","protected":false},"author":1,"featured_media":9232,"template":"","tags":[],"podcastfilter":[174,132,5,145,19],"class_list":["post-9231","podcast","type-podcast","status-publish","has-post-thumbnail","hentry","podcastfilter-linvite-sportif","podcastfilter-montpellier","podcastfilter-nimes","podcastfilter-perpignan","podcastfilter-sport"],"_links":{"self":[{"href":"https:\/\/radio-aviva.com\/nimes\/wp-json\/wp\/v2\/podcast\/9231","targetHints":{"allow":["GET"]}}],"collection":[{"href":"https:\/\/radio-aviva.com\/nimes\/wp-json\/wp\/v2\/podcast"}],"about":[{"href":"https:\/\/radio-aviva.com\/nimes\/wp-json\/wp\/v2\/types\/podcast"}],"author":[{"embeddable":true,"href":"https:\/\/radio-aviva.com\/nimes\/wp-json\/wp\/v2\/users\/1"}],"version-history":[{"count":0,"href":"https:\/\/radio-aviva.com\/nimes\/wp-json\/wp\/v2\/podcast\/9231\/revisions"}],"wp:featuredmedia":[{"embeddable":true,"href":"https:\/\/radio-aviva.com\/nimes\/wp-json\/wp\/v2\/media\/9232"}],"wp:attachment":[{"href":"https:\/\/radio-aviva.com\/nimes\/wp-json\/wp\/v2\/media?parent=9231"}],"wp:term":[{"taxonomy":"post_tag","embeddable":true,"href":"https:\/\/radio-aviva.com\/nimes\/wp-json\/wp\/v2\/tags?post=9231"},{"taxonomy":"podcastfilter","embeddable":true,"href":"https:\/\/radio-aviva.com\/nimes\/wp-json\/wp\/v2\/podcastfilter?post=9231"}],"curies":[{"name":"wp","href":"https:\/\/api.w.org\/{rel}","templated":true}]}}

Run in Cres &#8211; Pierre DEVAUX-LEMONNIER, Secrétaire des foulée de la solidarité

<p>&nbsp;</p>
<p>Dans ce nouvel épisode de l&rsquo;invité sportif, Sydney Biton reçoit Pierre DEVAUX-LEMONNIER, venu nous parler de l&rsquo;événement Run in Cres.</p>
