{"id":9310,"date":"2024-11-21T11:34:36","date_gmt":"2024-11-21T10:34:36","guid":{"rendered":"https:\/\/radio-aviva.com\/nimes\/?post_type=podcast&#038;p=9310"},"modified":"2024-11-21T11:34:36","modified_gmt":"2024-11-21T10:34:36","slug":"festival-1-2-3-soleil-rudy-alvarez","status":"publish","type":"podcast","link":"https:\/\/radio-aviva.com\/nimes\/podcast\/festival-1-2-3-soleil-rudy-alvarez\/","title":{"rendered":"Festival 1 2 3 Soleil &#8211; Rudy ALVAREZ"},"content":{"rendered":"<p>Rudy ALVAREZ nous pr\u00e9sente la 23\u00e8me\u00a0\u00e9dition du festival jeunes publics en Pays de Sommi\u00e8res organis\u00e9 par les Francas du Gard.<\/p>\n","protected":false},"author":336,"featured_media":8550,"template":"","tags":[],"podcastfilter":[30],"class_list":["post-9310","podcast","type-podcast","status-publish","has-post-thumbnail","hentry","podcastfilter-linvite-de-la-redaction"],"_links":{"self":[{"href":"https:\/\/radio-aviva.com\/nimes\/wp-json\/wp\/v2\/podcast\/9310","targetHints":{"allow":["GET"]}}],"collection":[{"href":"https:\/\/radio-aviva.com\/nimes\/wp-json\/wp\/v2\/podcast"}],"about":[{"href":"https:\/\/radio-aviva.com\/nimes\/wp-json\/wp\/v2\/types\/podcast"}],"author":[{"embeddable":true,"href":"https:\/\/radio-aviva.com\/nimes\/wp-json\/wp\/v2\/users\/336"}],"version-history":[{"count":1,"href":"https:\/\/radio-aviva.com\/nimes\/wp-json\/wp\/v2\/podcast\/9310\/revisions"}],"predecessor-version":[{"id":9311,"href":"https:\/\/radio-aviva.com\/nimes\/wp-json\/wp\/v2\/podcast\/9310\/revisions\/9311"}],"wp:featuredmedia":[{"embeddable":true,"href":"https:\/\/radio-aviva.com\/nimes\/wp-json\/wp\/v2\/media\/8550"}],"wp:attachment":[{"href":"https:\/\/radio-aviva.com\/nimes\/wp-json\/wp\/v2\/media?parent=9310"}],"wp:term":[{"taxonomy":"post_tag","embeddable":true,"href":"https:\/\/radio-aviva.com\/nimes\/wp-json\/wp\/v2\/tags?post=9310"},{"taxonomy":"podcastfilter","embeddable":true,"href":"https:\/\/radio-aviva.com\/nimes\/wp-json\/wp\/v2\/podcastfilter?post=9310"}],"curies":[{"name":"wp","href":"https:\/\/api.w.org\/{rel}","templated":true}]}}

<p>Rudy ALVAREZ nous présente la 23ème édition du festival jeunes publics en Pays de Sommières organisé par les Francas du Gard.</p>
